{"id":759,"date":"2025-11-19T18:37:16","date_gmt":"2025-11-19T18:37:16","guid":{"rendered":"https:\/\/clubvivremieux.com\/?page_id=759"},"modified":"2025-11-24T02:09:11","modified_gmt":"2025-11-24T02:09:11","slug":"les-merveilles-gourmets-inspirations-naturelles-pour-les-fetes","status":"publish","type":"page","link":"https:\/\/clubvivremieux.com\/index.php\/les-merveilles-gourmets-inspirations-naturelles-pour-les-fetes\/","title":{"rendered":"GOURMETS F\u00eates"},"content":{"rendered":"\n<p class=\"has-large-font-size\"><strong>Les Merveilles Gourmets pour les F\u00eates<\/strong><\/p>\n\n\n\n<p class=\"has-large-font-size\"><strong> Inspirations Naturelles pour les F\u00eates<\/strong><\/p>\n\n\n\n<div class=\"wp-block-columns is-layout-flex wp-container-core-columns-is-layout-1 wp-block-columns-is-layout-flex\">\n<div class=\"wp-block-column is-layout-flow wp-block-column-is-layout-flow\"><div class=\"wp-block-image\">\n<figure class=\"aligncenter size-full\"><img loading=\"lazy\" decoding=\"async\" width=\"256\" height=\"384\" src=\"https:\/\/clubvivremieux.com\/wp-content\/uploads\/2025\/11\/ChatGPT-Image-19-nov.-2025-19_4.png\" alt=\"\" class=\"wp-image-761\" srcset=\"https:\/\/clubvivremieux.com\/wp-content\/uploads\/2025\/11\/ChatGPT-Image-19-nov.-2025-19_4.png 256w, https:\/\/clubvivremieux.com\/wp-content\/uploads\/2025\/11\/ChatGPT-Image-19-nov.-2025-19_4-200x300.png 200w\" sizes=\"auto, (max-width: 256px) 100vw, 256px\" \/><\/figure><\/div><\/div>\n\n\n\n<div class=\"wp-block-column is-layout-flow wp-block-column-is-layout-flow\">\n<p>\u2728 D\u00e9couvrez <strong>Les Merveilles Gourmets : Inspirations Naturelles pour les F\u00eates<\/strong> \u2728<\/p>\n\n\n\n<p>Plongez dans un univers o\u00f9 la magie des f\u00eates rencontre la beaut\u00e9 du naturel. \ud83c\udf3f\ud83c\udf4a<br>Saveurs authentiques, couleurs chaleureuses, ambiance r\u00e9confortante\u2026 tout est r\u00e9uni pour \u00e9veiller vos sens et inspirer vos c\u00e9l\u00e9brations de fin d\u2019ann\u00e9e.<\/p>\n\n\n\n<p>\ud83c\udf84 Id\u00e9es gourmandes<br>\ud83c\udf4e Ingr\u00e9dients simples &amp; naturels<br>\ud83c\udf1f Esprit chaleureux et festif<\/p>\n\n\n\n<p>Laissez-vous enchanter et pr\u00e9parez des f\u00eates aussi belles que savoureuses !<br><\/p>\n<\/div>\n<\/div>\n\n\n\n<figure class=\"wp-block-image size-large\"><img loading=\"lazy\" decoding=\"async\" width=\"1024\" height=\"44\" src=\"https:\/\/clubvivremieux.com\/wp-content\/uploads\/2025\/11\/barre-Design-sans-titre-1024x44.png\" alt=\"\" class=\"wp-image-788\" srcset=\"https:\/\/clubvivremieux.com\/wp-content\/uploads\/2025\/11\/barre-Design-sans-titre-1024x44.png 1024w, https:\/\/clubvivremieux.com\/wp-content\/uploads\/2025\/11\/barre-Design-sans-titre-300x13.png 300w, https:\/\/clubvivremieux.com\/wp-content\/uploads\/2025\/11\/barre-Design-sans-titre-768x33.png 768w, https:\/\/clubvivremieux.com\/wp-content\/uploads\/2025\/11\/barre-Design-sans-titre.png 1170w\" sizes=\"auto, (max-width: 1024px) 100vw, 1024px\" \/><\/figure>\n\n\n\n<div class=\"wp-block-columns is-layout-flex wp-container-core-columns-is-layout-2 wp-block-columns-is-layout-flex\">\n<div class=\"wp-block-column is-layout-flow wp-block-column-is-layout-flow\">\n<ul class=\"wp-block-list\">\n<li><strong><a href=\"https:\/\/clubvivremieux.com\/index.php\/entrees-festives\/\">Entr\u00e9es Festives<\/a><\/strong><\/li>\n\n\n\n<li><strong><a href=\"https:\/\/clubvivremieux.com\/index.php\/plats-principaux-raffines\/\">Plats Principaux Raffin\u00e9s<\/a><\/strong><\/li>\n\n\n\n<li><strong><a href=\"https:\/\/clubvivremieux.com\/index.php\/accompagnements-gourmets\/\">Accompagnements Gourmets<\/a><\/strong><\/li>\n\n\n\n<li><strong><a href=\"https:\/\/clubvivremieux.com\/index.php\/desserts-festifs-naturels\/\">Desserts Festifs Naturels<\/a><\/strong><\/li>\n<\/ul>\n<\/div>\n\n\n\n<div class=\"wp-block-column is-layout-flow wp-block-column-is-layout-flow\">\n<ul class=\"wp-block-list\">\n<li><strong><a href=\"https:\/\/clubvivremieux.com\/index.php\/boissons-de-fetes\/\">Boissons de F\u00eates<\/a><\/strong><\/li>\n\n\n\n<li><strong><a href=\"https:\/\/clubvivremieux.com\/index.php\/techniques-conseils-gastronomiques\/\">Techniques &amp; Conseils Gastronomiques<\/a><\/strong><\/li>\n\n\n\n<li><strong><a href=\"https:\/\/clubvivremieux.com\/index.php\/idees-inspirations\/\">Id\u00e9es &amp; Inspirations<\/a><\/strong><\/li>\n<\/ul>\n<\/div>\n<\/div>\n\n\n\n<figure class=\"wp-block-image size-large\"><img loading=\"lazy\" decoding=\"async\" width=\"1024\" height=\"44\" src=\"https:\/\/clubvivremieux.com\/wp-content\/uploads\/2025\/11\/barre-Design-sans-titre-1024x44.png\" alt=\"\" class=\"wp-image-788\" srcset=\"https:\/\/clubvivremieux.com\/wp-content\/uploads\/2025\/11\/barre-Design-sans-titre-1024x44.png 1024w, https:\/\/clubvivremieux.com\/wp-content\/uploads\/2025\/11\/barre-Design-sans-titre-300x13.png 300w, https:\/\/clubvivremieux.com\/wp-content\/uploads\/2025\/11\/barre-Design-sans-titre-768x33.png 768w, https:\/\/clubvivremieux.com\/wp-content\/uploads\/2025\/11\/barre-Design-sans-titre.png 1170w\" sizes=\"auto, (max-width: 1024px) 100vw, 1024px\" \/><\/figure>\n\n\n\n<ul class=\"wp-block-list\">\n<li><strong><a href=\"https:\/\/clubvivremieux.com\/index.php\/le-filet-de-biche-aux-baies-sauvages\/\">Le filet de biche aux baies sauvages \u2013 Une alliance noble et parfum\u00e9e pour un plat de f\u00eate nature et raffin\u00e9<\/a><\/strong><\/li>\n\n\n\n<li><strong><a href=\"https:\/\/clubvivremieux.com\/index.php\/saint-jacques-roties-a-la-clementine-lelegance-simple-des-fetes-de-fin-dannee\/\">Saint-Jacques r\u00f4ties \u00e0 la cl\u00e9mentine : l\u2019\u00e9l\u00e9gance simple des f\u00eates de fin d\u2019ann\u00e9e<\/a><\/strong><\/li>\n\n\n\n<li><strong><a href=\"https:\/\/clubvivremieux.com\/index.php\/le-chapon-fermier-au-beurre-dherbes-fraiches\/\">le chapon fermier au beurre d\u2019herbes fra\u00eeches-Le secret d\u2019une viande fondante et naturellement parfum\u00e9e<\/a><\/strong><\/li>\n\n\n\n<li><strong><a href=\"https:\/\/clubvivremieux.com\/index.php\/saumon-gravlax-maison-a-laneth-lentree-chic-et-simple-pour-les-fetes\/\">Saumon Gravlax Maison \u00e0 l\u2019Aneth : L\u2019Entr\u00e9e Chic et Simple pour les F\u00eates<\/a><\/strong><\/li>\n\n\n\n<li><strong><a href=\"https:\/\/clubvivremieux.com\/index.php\/veloute-de-panais-a-la-truffe-blanche-une-douceur-racine-pour-vos-fetes\/\">Velout\u00e9 de panais \u00e0 la truffe blanche : une douceur racine pour vos f\u00eates<\/a><\/strong><\/li>\n\n\n\n<li><strong><a href=\"https:\/\/clubvivremieux.com\/index.php\/homard-roti-au-beurre-noisette-citronne-la-recette-simple-pour-des-fetes-gourmandes\/\">Homard r\u00f4ti au beurre noisette citronn\u00e9 : la recette simple pour des f\u00eates gourmandes<\/a><\/strong><\/li>\n\n\n\n<li><strong><a href=\"https:\/\/clubvivremieux.com\/index.php\/magret-de-canard-au-miel-brut-et-romarin-une-touche-forestiere-pour-les-fetes\/\">Magret de Canard au Miel Brut et Romarin \u2013 Une touche foresti\u00e8re pour les f\u00eates<\/a><\/strong><\/li>\n\n\n\n<li><strong><a href=\"https:\/\/clubvivremieux.com\/index.php\/risotto-au-champagne-et-parmesan-affine-la-recette-festive-et-facile\/\">Risotto au Champagne et Parmesan Affin\u00e9 : la Recette Festive et Facile<\/a><\/strong><\/li>\n<\/ul>\n\n\n\n<p><\/p>\n","protected":false},"excerpt":{"rendered":"<p>Les Merveilles Gourmets pour les F\u00eates Inspirations Naturelles pour les F\u00eates \u2728 D\u00e9couvrez Les Merveilles Gourmets : Inspirations Naturelles pour les F\u00eates \u2728 Plongez dans un univers o\u00f9 la magie des f\u00eates rencontre la beaut\u00e9 du naturel. \ud83c\udf3f\ud83c\udf4aSaveurs authentiques, couleurs&#8230; <a href=\"https:\/\/clubvivremieux.com\/index.php\/les-merveilles-gourmets-inspirations-naturelles-pour-les-fetes\/\" class=\"readmore\">Read more<span class=\"screen-reader-text\">GOURMETS F\u00eates<\/span><span class=\"fa fa-angle-double-right\" aria-hidden=\"true\"><\/span><\/a><\/p>\n","protected":false},"author":1,"featured_media":0,"parent":0,"menu_order":0,"comment_status":"closed","ping_status":"closed","template":"","meta":{"footnotes":""},"class_list":["post-759","page","type-page","status-publish","hentry"],"_links":{"self":[{"href":"https:\/\/clubvivremieux.com\/index.php\/wp-json\/wp\/v2\/pages\/759","targetHints":{"allow":["GET"]}}],"collection":[{"href":"https:\/\/clubvivremieux.com\/index.php\/wp-json\/wp\/v2\/pages"}],"about":[{"href":"https:\/\/clubvivremieux.com\/index.php\/wp-json\/wp\/v2\/types\/page"}],"author":[{"embeddable":true,"href":"https:\/\/clubvivremieux.com\/index.php\/wp-json\/wp\/v2\/users\/1"}],"replies":[{"embeddable":true,"href":"https:\/\/clubvivremieux.com\/index.php\/wp-json\/wp\/v2\/comments?post=759"}],"version-history":[{"count":9,"href":"https:\/\/clubvivremieux.com\/index.php\/wp-json\/wp\/v2\/pages\/759\/revisions"}],"predecessor-version":[{"id":984,"href":"https:\/\/clubvivremieux.com\/index.php\/wp-json\/wp\/v2\/pages\/759\/revisions\/984"}],"wp:attachment":[{"href":"https:\/\/clubvivremieux.com\/index.php\/wp-json\/wp\/v2\/media?parent=759"}],"curies":[{"name":"wp","href":"https:\/\/api.w.org\/{rel}","templated":true}]}}