{"id":728,"date":"2025-11-18T19:07:50","date_gmt":"2025-11-18T19:07:50","guid":{"rendered":"https:\/\/clubvivremieux.com\/?page_id=728"},"modified":"2025-11-18T19:07:50","modified_gmt":"2025-11-18T19:07:50","slug":"garde-ton-esprit-calme-meme-quand-ton-portefeuille-est-stresse","status":"publish","type":"page","link":"https:\/\/clubvivremieux.com\/index.php\/garde-ton-esprit-calme-meme-quand-ton-portefeuille-est-stresse\/","title":{"rendered":"Garde ton esprit calme, m\u00eame quand ton portefeuille est stress\u00e9"},"content":{"rendered":"\n<p><\/p>\n\n\n\n<p>Dans un monde o\u00f9 les notifications de banque et les alertes boursi\u00e8res nous assaillent sans r\u00e9pit, il est facile de perdre son calme. Pourtant, la s\u00e9r\u00e9nit\u00e9 n\u2019est pas un luxe : c\u2019est un outil strat\u00e9gique. Un esprit calme prend de meilleures d\u00e9cisions financi\u00e8res, \u00e9vite les achats impulsifs et sait identifier les opportunit\u00e9s.<\/p>\n\n\n\n<p>Ne laisse pas ton portefeuille dicter ton humeur. Respire, recentre-toi et observe tes choix avec clart\u00e9. Ton futur financier te remerciera.<\/p>\n\n\n\n<hr class=\"wp-block-separator has-alpha-channel-opacity\"\/>\n\n\n\n<h3 class=\"wp-block-heading has-pale-cyan-blue-background-color has-background\"><strong>M\u00e9thode express : 3 minutes pour calmer ton esprit et ton portefeuille<\/strong><\/h3>\n\n\n\n<ol class=\"wp-block-list\">\n<li><strong>Respire 3 minutes<\/strong> : inspire 4 secondes, retiens 4 secondes, expire 6 secondes.<\/li>\n\n\n\n<li><strong>Liste \u00e9clair<\/strong> : note 3 d\u00e9cisions financi\u00e8res urgentes et 3 qui peuvent attendre.<\/li>\n\n\n\n<li><strong>Priorit\u00e9 zen<\/strong> : concentre-toi uniquement sur les urgentes, le reste attendra.<\/li>\n<\/ol>\n\n\n\n<p>R\u00e9sultat : tu reprends le contr\u00f4le, tu \u00e9vites la panique et tu prends des d\u00e9cisions plus rationnelles.<\/p>\n\n\n\n<ul class=\"wp-block-list\">\n<li><strong><em><a href=\"https:\/\/guidosaverio.com\/\">Guido SAVERIO<\/a><\/em><\/strong><\/li>\n\n\n\n<li><strong><a href=\"https:\/\/guidosaverio.com\/qui-suis-je\/\">Qui suis-je<\/a><\/strong><\/li>\n<\/ul>\n","protected":false},"excerpt":{"rendered":"<p>Dans un monde o\u00f9 les notifications de banque et les alertes boursi\u00e8res nous assaillent sans r\u00e9pit, il est facile de perdre son calme. Pourtant, la s\u00e9r\u00e9nit\u00e9 n\u2019est pas un luxe : c\u2019est un outil strat\u00e9gique. Un esprit calme prend de&#8230; <a href=\"https:\/\/clubvivremieux.com\/index.php\/garde-ton-esprit-calme-meme-quand-ton-portefeuille-est-stresse\/\" class=\"readmore\">Read more<span class=\"screen-reader-text\">Garde ton esprit calme, m\u00eame quand ton portefeuille est stress\u00e9<\/span><span class=\"fa fa-angle-double-right\" aria-hidden=\"true\"><\/span><\/a><\/p>\n","protected":false},"author":1,"featured_media":0,"parent":0,"menu_order":0,"comment_status":"closed","ping_status":"closed","template":"","meta":{"footnotes":""},"class_list":["post-728","page","type-page","status-publish","hentry"],"_links":{"self":[{"href":"https:\/\/clubvivremieux.com\/index.php\/wp-json\/wp\/v2\/pages\/728","targetHints":{"allow":["GET"]}}],"collection":[{"href":"https:\/\/clubvivremieux.com\/index.php\/wp-json\/wp\/v2\/pages"}],"about":[{"href":"https:\/\/clubvivremieux.com\/index.php\/wp-json\/wp\/v2\/types\/page"}],"author":[{"embeddable":true,"href":"https:\/\/clubvivremieux.com\/index.php\/wp-json\/wp\/v2\/users\/1"}],"replies":[{"embeddable":true,"href":"https:\/\/clubvivremieux.com\/index.php\/wp-json\/wp\/v2\/comments?post=728"}],"version-history":[{"count":1,"href":"https:\/\/clubvivremieux.com\/index.php\/wp-json\/wp\/v2\/pages\/728\/revisions"}],"predecessor-version":[{"id":729,"href":"https:\/\/clubvivremieux.com\/index.php\/wp-json\/wp\/v2\/pages\/728\/revisions\/729"}],"wp:attachment":[{"href":"https:\/\/clubvivremieux.com\/index.php\/wp-json\/wp\/v2\/media?parent=728"}],"curies":[{"name":"wp","href":"https:\/\/api.w.org\/{rel}","templated":true}]}}