{"id":671,"date":"2025-11-16T23:20:29","date_gmt":"2025-11-16T23:20:29","guid":{"rendered":"https:\/\/clubvivremieux.com\/?page_id=671"},"modified":"2025-11-16T23:20:29","modified_gmt":"2025-11-16T23:20:29","slug":"apprendre-a-apprendre-le-superpouvoir-de-demain","status":"publish","type":"page","link":"https:\/\/clubvivremieux.com\/index.php\/apprendre-a-apprendre-le-superpouvoir-de-demain\/","title":{"rendered":"Apprendre \u00e0 apprendre : le superpouvoir de demain"},"content":{"rendered":"\n<p>Apprendre n\u2019est pas juste accumuler des infos. C\u2019est comprendre <strong>comment votre cerveau apprend<\/strong> pour devenir autonome, rapide et efficace. Une fois que vous ma\u00eetrisez ce processus, aucun sujet n\u2019est trop compliqu\u00e9 : vous devenez un autodidacte pour la vie.<\/p>\n\n\n\n<p>La cl\u00e9 ? Ne pas juste m\u00e9moriser, mais <strong>d\u00e9composer, tester et adapter<\/strong>. C\u2019est la seule fa\u00e7on de transformer l\u2019information en comp\u00e9tence r\u00e9elle.<\/p>\n\n\n\n<hr class=\"wp-block-separator has-alpha-channel-opacity\"\/>\n\n\n\n<h3 class=\"wp-block-heading has-pale-cyan-blue-background-color has-background\"><strong>M\u00e9thode Express : 3 \u00e9tapes pour apprendre \u00e0 apprendre<\/strong><\/h3>\n\n\n\n<ol class=\"wp-block-list\">\n<li><strong>D\u00e9couper<\/strong><br>Prenez le sujet et divisez-le en micro-parties. Chaque bloc doit \u00eatre compr\u00e9hensible en 5 \u00e0 10 minutes.<\/li>\n\n\n\n<li><strong>Tester<\/strong><br>Expliquez-le \u00e0 voix haute ou \u00e9crivez-le. Si vous ne pouvez pas l\u2019expliquer simplement, vous n\u2019avez pas encore appris.<\/li>\n\n\n\n<li><strong>R\u00e9ajuster<\/strong><br>Identifiez ce qui bloque et recommencez. La r\u00e9p\u00e9tition active est plus efficace que la lecture passive.<\/li>\n<\/ol>\n\n\n\n<blockquote class=\"wp-block-quote is-layout-flow wp-block-quote-is-layout-flow\">\n<p>R\u00e9sultat : vous transformez l\u2019effort en autonomie, et chaque nouvelle comp\u00e9tence devient accessible.<\/p>\n<\/blockquote>\n\n\n\n<ul class=\"wp-block-list\">\n<li><strong><em><a href=\"https:\/\/guidosaverio.com\/\">Guido SAVERIO<\/a><\/em><\/strong><\/li>\n\n\n\n<li><strong><a href=\"https:\/\/guidosaverio.com\/qui-suis-je\/\">Qui suis-je<\/a><\/strong><\/li>\n<\/ul>\n","protected":false},"excerpt":{"rendered":"<p>Apprendre n\u2019est pas juste accumuler des infos. C\u2019est comprendre comment votre cerveau apprend pour devenir autonome, rapide et efficace. Une fois que vous ma\u00eetrisez ce processus, aucun sujet n\u2019est trop compliqu\u00e9 : vous devenez un autodidacte pour la vie. La&#8230; <a href=\"https:\/\/clubvivremieux.com\/index.php\/apprendre-a-apprendre-le-superpouvoir-de-demain\/\" class=\"readmore\">Read more<span class=\"screen-reader-text\">Apprendre \u00e0 apprendre : le superpouvoir de demain<\/span><span class=\"fa fa-angle-double-right\" aria-hidden=\"true\"><\/span><\/a><\/p>\n","protected":false},"author":1,"featured_media":0,"parent":0,"menu_order":0,"comment_status":"closed","ping_status":"closed","template":"","meta":{"footnotes":""},"class_list":["post-671","page","type-page","status-publish","hentry"],"_links":{"self":[{"href":"https:\/\/clubvivremieux.com\/index.php\/wp-json\/wp\/v2\/pages\/671","targetHints":{"allow":["GET"]}}],"collection":[{"href":"https:\/\/clubvivremieux.com\/index.php\/wp-json\/wp\/v2\/pages"}],"about":[{"href":"https:\/\/clubvivremieux.com\/index.php\/wp-json\/wp\/v2\/types\/page"}],"author":[{"embeddable":true,"href":"https:\/\/clubvivremieux.com\/index.php\/wp-json\/wp\/v2\/users\/1"}],"replies":[{"embeddable":true,"href":"https:\/\/clubvivremieux.com\/index.php\/wp-json\/wp\/v2\/comments?post=671"}],"version-history":[{"count":1,"href":"https:\/\/clubvivremieux.com\/index.php\/wp-json\/wp\/v2\/pages\/671\/revisions"}],"predecessor-version":[{"id":672,"href":"https:\/\/clubvivremieux.com\/index.php\/wp-json\/wp\/v2\/pages\/671\/revisions\/672"}],"wp:attachment":[{"href":"https:\/\/clubvivremieux.com\/index.php\/wp-json\/wp\/v2\/media?parent=671"}],"curies":[{"name":"wp","href":"https:\/\/api.w.org\/{rel}","templated":true}]}}