{"id":598,"date":"2025-11-16T14:27:05","date_gmt":"2025-11-16T14:27:05","guid":{"rendered":"https:\/\/clubvivremieux.com\/?page_id=598"},"modified":"2025-11-16T14:27:05","modified_gmt":"2025-11-16T14:27:05","slug":"deviens-ce-que-tu-visualises-chaque-matin","status":"publish","type":"page","link":"https:\/\/clubvivremieux.com\/index.php\/deviens-ce-que-tu-visualises-chaque-matin\/","title":{"rendered":"Deviens ce que tu visualises chaque matin"},"content":{"rendered":"\n<p>Chaque matin, ton cerveau est une toile vierge. Ce que tu y peins avec tes pens\u00e9es d\u00e9finit souvent ton action de la journ\u00e9e. La visualisation n\u2019est pas un simple exercice de pens\u00e9e positive : c\u2019est un entra\u00eenement mental.<br>Quand tu te concentres sur la version de toi que tu souhaites devenir, ton cerveau commence \u00e0 pr\u00e9parer ton corps et tes d\u00e9cisions pour la rendre r\u00e9elle.<\/p>\n\n\n\n<p>\ud83d\udca1 <strong>Le secret ? La r\u00e9p\u00e9tition mentale.<\/strong><br>La visualisation quotidienne aligne ton attention, tes \u00e9motions et tes actions. Tu ne te contentes pas de r\u00eaver : tu pr\u00e9pares concr\u00e8tement ton esprit \u00e0 agir comme cette version de toi.<\/p>\n\n\n\n<p>C\u2019est simple, rapide, et accessible \u00e0 tous. Pas besoin d\u2019outils sophistiqu\u00e9s, juste de quelques minutes chaque matin.<\/p>\n\n\n\n<hr class=\"wp-block-separator has-alpha-channel-opacity\"\/>\n\n\n\n<h3 class=\"wp-block-heading has-pale-cyan-blue-background-color has-background\"><strong>M\u00e9thode Express : 3 minutes pour transformer tes matins<\/strong><\/h3>\n\n\n\n<ol class=\"wp-block-list\">\n<li><strong>Installe-toi confortablement<\/strong> \u2013 assis ou debout, ferme les yeux.<\/li>\n\n\n\n<li><strong>Visualise clairement<\/strong> \u2013 imagine-toi vivant la journ\u00e9e exactement comme tu le souhaites : confiant, efficace, souriant.<\/li>\n\n\n\n<li><strong>Ressens<\/strong> \u2013 plonge-toi dans les \u00e9motions de cette version de toi : fiert\u00e9, \u00e9nergie, motivation.<\/li>\n\n\n\n<li><strong>R\u00e9p\u00e8te<\/strong> \u2013 1 \u00e0 3 minutes suffisent. Chaque matin, m\u00eame juste quelques respirations conscientes et quelques images mentales.<\/li>\n<\/ol>\n\n\n\n<p>R\u00e9sultat : ton cerveau commence \u00e0 cr\u00e9er des chemins neuronaux align\u00e9s avec ton objectif. Petit \u00e0 petit, tu deviens cette personne que tu visualises.<\/p>\n\n\n\n<ul class=\"wp-block-list\">\n<li><strong><em><a href=\"https:\/\/guidosaverio.com\/\">Guido SAVERIO<\/a><\/em><\/strong><\/li>\n\n\n\n<li><strong><a href=\"https:\/\/guidosaverio.com\/qui-suis-je\/\">Qui suis-je<\/a><\/strong><\/li>\n<\/ul>\n","protected":false},"excerpt":{"rendered":"<p>Chaque matin, ton cerveau est une toile vierge. Ce que tu y peins avec tes pens\u00e9es d\u00e9finit souvent ton action de la journ\u00e9e. La visualisation n\u2019est pas un simple exercice de pens\u00e9e positive : c\u2019est un entra\u00eenement mental.Quand tu te&#8230; <a href=\"https:\/\/clubvivremieux.com\/index.php\/deviens-ce-que-tu-visualises-chaque-matin\/\" class=\"readmore\">Read more<span class=\"screen-reader-text\">Deviens ce que tu visualises chaque matin<\/span><span class=\"fa fa-angle-double-right\" aria-hidden=\"true\"><\/span><\/a><\/p>\n","protected":false},"author":1,"featured_media":0,"parent":0,"menu_order":0,"comment_status":"closed","ping_status":"closed","template":"","meta":{"footnotes":""},"class_list":["post-598","page","type-page","status-publish","hentry"],"_links":{"self":[{"href":"https:\/\/clubvivremieux.com\/index.php\/wp-json\/wp\/v2\/pages\/598","targetHints":{"allow":["GET"]}}],"collection":[{"href":"https:\/\/clubvivremieux.com\/index.php\/wp-json\/wp\/v2\/pages"}],"about":[{"href":"https:\/\/clubvivremieux.com\/index.php\/wp-json\/wp\/v2\/types\/page"}],"author":[{"embeddable":true,"href":"https:\/\/clubvivremieux.com\/index.php\/wp-json\/wp\/v2\/users\/1"}],"replies":[{"embeddable":true,"href":"https:\/\/clubvivremieux.com\/index.php\/wp-json\/wp\/v2\/comments?post=598"}],"version-history":[{"count":1,"href":"https:\/\/clubvivremieux.com\/index.php\/wp-json\/wp\/v2\/pages\/598\/revisions"}],"predecessor-version":[{"id":599,"href":"https:\/\/clubvivremieux.com\/index.php\/wp-json\/wp\/v2\/pages\/598\/revisions\/599"}],"wp:attachment":[{"href":"https:\/\/clubvivremieux.com\/index.php\/wp-json\/wp\/v2\/media?parent=598"}],"curies":[{"name":"wp","href":"https:\/\/api.w.org\/{rel}","templated":true}]}}