{"id":593,"date":"2025-11-16T14:18:14","date_gmt":"2025-11-16T14:18:14","guid":{"rendered":"https:\/\/clubvivremieux.com\/?page_id=593"},"modified":"2025-11-16T14:18:14","modified_gmt":"2025-11-16T14:18:14","slug":"crois-en-ton-potentiel-et-le-monde-suivra","status":"publish","type":"page","link":"https:\/\/clubvivremieux.com\/index.php\/crois-en-ton-potentiel-et-le-monde-suivra\/","title":{"rendered":"Crois en ton potentiel, et le monde suivra"},"content":{"rendered":"\n<p>La confiance en soi n\u2019est pas un luxe, c\u2019est une force. Quand tu crois en ton potentiel, tu attires naturellement les bonnes opportunit\u00e9s. Les autres ressentent ton \u00e9nergie, ton assurance, et suivent ton mouvement. C\u2019est simple : ton mindset fa\u00e7onne ton monde.<\/p>\n\n\n\n<p>Mais comment passer de la th\u00e9orie \u00e0 l\u2019action ? La cl\u00e9 est de <strong>d\u00e9clencher la confiance d\u00e8s aujourd\u2019hui<\/strong>, pas demain.<\/p>\n\n\n\n<hr class=\"wp-block-separator has-alpha-channel-opacity\"\/>\n\n\n\n<h3 class=\"wp-block-heading has-pale-cyan-blue-background-color has-background\"><strong>M\u00e9thode Express : 3 \u00e9tapes concr\u00e8tes<\/strong><\/h3>\n\n\n\n<ol class=\"wp-block-list\">\n<li><strong>Affirme ton potentiel chaque matin<\/strong><br>\u2013 30 secondes devant le miroir : dis \u00e0 voix haute <em>\u00ab Je suis capable et pr\u00eat(e) \u00e0 r\u00e9ussir \u00bb<\/em>.<\/li>\n\n\n\n<li><strong>Agis malgr\u00e9 la peur<\/strong><br>\u2013 Choisis une petite action quotidienne qui te sort de ta zone de confort. Chaque succ\u00e8s renforce ta confiance.<\/li>\n\n\n\n<li><strong>Note tes victoires<\/strong><br>\u2013 Chaque soir, \u00e9cris 1 \u00e0 3 choses que tu as accomplies. La preuve tangible de ton potentiel construit ton mindset.<\/li>\n<\/ol>\n\n\n\n<p>R\u00e9sultat : tu te sens plus confiant, et le monde autour de toi le per\u00e7oit.<\/p>\n\n\n\n<ul class=\"wp-block-list\">\n<li><strong><em><a href=\"https:\/\/guidosaverio.com\/\">Guido SAVERIO<\/a><\/em><\/strong><\/li>\n\n\n\n<li><strong><a href=\"https:\/\/guidosaverio.com\/qui-suis-je\/\">Qui suis-je<\/a><\/strong><\/li>\n<\/ul>\n\n\n\n<p><\/p>\n","protected":false},"excerpt":{"rendered":"<p>La confiance en soi n\u2019est pas un luxe, c\u2019est une force. Quand tu crois en ton potentiel, tu attires naturellement les bonnes opportunit\u00e9s. Les autres ressentent ton \u00e9nergie, ton assurance, et suivent ton mouvement. C\u2019est simple : ton mindset fa\u00e7onne&#8230; <a href=\"https:\/\/clubvivremieux.com\/index.php\/crois-en-ton-potentiel-et-le-monde-suivra\/\" class=\"readmore\">Read more<span class=\"screen-reader-text\">Crois en ton potentiel, et le monde suivra<\/span><span class=\"fa fa-angle-double-right\" aria-hidden=\"true\"><\/span><\/a><\/p>\n","protected":false},"author":1,"featured_media":0,"parent":0,"menu_order":0,"comment_status":"closed","ping_status":"closed","template":"","meta":{"footnotes":""},"class_list":["post-593","page","type-page","status-publish","hentry"],"_links":{"self":[{"href":"https:\/\/clubvivremieux.com\/index.php\/wp-json\/wp\/v2\/pages\/593","targetHints":{"allow":["GET"]}}],"collection":[{"href":"https:\/\/clubvivremieux.com\/index.php\/wp-json\/wp\/v2\/pages"}],"about":[{"href":"https:\/\/clubvivremieux.com\/index.php\/wp-json\/wp\/v2\/types\/page"}],"author":[{"embeddable":true,"href":"https:\/\/clubvivremieux.com\/index.php\/wp-json\/wp\/v2\/users\/1"}],"replies":[{"embeddable":true,"href":"https:\/\/clubvivremieux.com\/index.php\/wp-json\/wp\/v2\/comments?post=593"}],"version-history":[{"count":1,"href":"https:\/\/clubvivremieux.com\/index.php\/wp-json\/wp\/v2\/pages\/593\/revisions"}],"predecessor-version":[{"id":594,"href":"https:\/\/clubvivremieux.com\/index.php\/wp-json\/wp\/v2\/pages\/593\/revisions\/594"}],"wp:attachment":[{"href":"https:\/\/clubvivremieux.com\/index.php\/wp-json\/wp\/v2\/media?parent=593"}],"curies":[{"name":"wp","href":"https:\/\/api.w.org\/{rel}","templated":true}]}}