{"id":547,"date":"2025-11-15T21:12:32","date_gmt":"2025-11-15T21:12:32","guid":{"rendered":"https:\/\/clubvivremieux.com\/?page_id=547"},"modified":"2025-11-16T16:18:50","modified_gmt":"2025-11-16T16:18:50","slug":"vieillir-un-privilege-a-celebrer","status":"publish","type":"page","link":"https:\/\/clubvivremieux.com\/index.php\/vieillir-un-privilege-a-celebrer\/","title":{"rendered":"Vieillir : un privil\u00e8ge \u00e0 c\u00e9l\u00e9brer"},"content":{"rendered":"\n<p>Chaque ann\u00e9e qui s\u2019ajoute n\u2019est pas un fardeau, mais un cadeau. Vieillir, c\u2019est accumuler exp\u00e9riences, sagesse et occasions de s\u2019\u00e9merveiller encore. Chaque ride raconte une histoire, chaque matin offre une chance de r\u00e9apprendre et de savourer la vie. Arr\u00eatons de craindre le temps : c\u00e9l\u00e9brons-le, pleinement, chaque jour.<\/p>\n\n\n\n<h3 class=\"wp-block-heading has-pale-cyan-blue-background-color has-background\">M\u00e9thode Express \u00ab C\u00e9l\u00e9brer chaque ann\u00e9e \u00bb<\/h3>\n\n\n\n<ol class=\"wp-block-list\">\n<li><strong>Le rituel du matin<\/strong><br>Chaque matin, note <strong>1 petite chose positive<\/strong> li\u00e9e \u00e0 ton \u00e2ge ou ton exp\u00e9rience : un souvenir, une comp\u00e9tence, un moment de joie.<br>\u2192 Exemple : \u00ab Aujourd\u2019hui, je sais mieux \u00e9couter les autres. \u00bb<\/li>\n\n\n\n<li><strong>L\u2019exercice des 3 gratitudes<\/strong><br>Chaque soir, \u00e9cris <strong>3 choses pour lesquelles tu es reconnaissant<\/strong> dans ta vie actuelle, li\u00e9es \u00e0 ton parcours.<br>\u2192 Exemple : \u00ab Merci pour mes amis, ma curiosit\u00e9 toujours intacte, ma sant\u00e9 qui me permet de marcher. \u00bb<\/li>\n\n\n\n<li><strong>Le petit d\u00e9fi mensuel<\/strong><br>Choisis <strong>1 nouvelle activit\u00e9 ou apprentissage chaque mois<\/strong>. Vieillir, c\u2019est aussi continuer \u00e0 explorer.<br>\u2192 Exemple : apprendre une recette, lire un livre hors de ton univers, d\u00e9couvrir un quartier de ta ville.<\/li>\n\n\n\n<li><strong>Le rappel visuel<\/strong><br>Mets un <strong>objet ou une photo symbolique<\/strong> sur ton bureau ou ton t\u00e9l\u00e9phone pour te rappeler que vieillir est un privil\u00e8ge.<br>\u2192 Exemple : une photo de voyage, un bijou, un carnet de souvenirs.<\/li>\n\n\n\n<li><strong>Partage et transmission<\/strong><br>Raconte une anecdote ou un apprentissage \u00e0 quelqu\u2019un de plus jeune chaque semaine.<br>\u2192 La sagesse devient vivante et valorisante.<\/li>\n<\/ol>\n\n\n\n<hr class=\"wp-block-separator has-alpha-channel-opacity\"\/>\n\n\n\n<p>\ud83d\udca1 <strong>Astuce express :<\/strong><br>En 5 minutes par jour, ce rituel te fait passer de \u00ab vieillir, c\u2019est triste \u00bb \u00e0 \u00ab vieillir, c\u2019est une chance \u00bb.<\/p>\n\n\n\n<h3 class=\"wp-block-heading has-luminous-vivid-amber-background-color has-background\">Vieillir, c\u2019est un privil\u00e8ge \u00e0 c\u00e9l\u00e9brer chaque jour<\/h3>\n\n\n\n<p>Dans une soci\u00e9t\u00e9 obs\u00e9d\u00e9e par la jeunesse, vieillir est parfois per\u00e7u comme une perte \u2014 de beaut\u00e9, d\u2019\u00e9nergie, ou de pertinence. Pourtant, chaque ann\u00e9e suppl\u00e9mentaire n\u2019est pas une fatalit\u00e9 \u00e0 craindre, mais un privil\u00e8ge \u00e0 savourer. Vieillir, c\u2019est accumuler des exp\u00e9riences, enrichir sa perspective et d\u00e9couvrir de nouvelles dimensions de soi.<\/p>\n\n\n\n<p>Chaque ride, chaque cheveu gris, chaque souvenir est une preuve tangible que l\u2019on a travers\u00e9 des saisons de vie, affront\u00e9 des d\u00e9fis et c\u00e9l\u00e9br\u00e9 des victoires. Ces marques du temps sont des cartes qui t\u00e9moignent de notre parcours unique et de notre r\u00e9silience. Elles rappellent que le temps pass\u00e9 n\u2019est pas perdu, mais investi dans la construction de notre identit\u00e9.<\/p>\n\n\n\n<p>Vieillir offre \u00e9galement un autre luxe : celui de l\u2019apprentissage continu. Chaque ann\u00e9e apporte de nouvelles occasions de comprendre le monde autrement, de s\u2019ouvrir \u00e0 des id\u00e9es in\u00e9dites, de r\u00e9inventer ses passions. Il n\u2019y a pas d\u2019\u00e2ge pour explorer, cr\u00e9er, ou simplement savourer le quotidien. La maturit\u00e9 permet souvent de mieux appr\u00e9cier les petites choses : un caf\u00e9 partag\u00e9, un sourire, un rayon de soleil sur la peau.<\/p>\n\n\n\n<p>C\u00e9l\u00e9brer l\u2019\u00e2ge, c\u2019est aussi reconna\u00eetre la chance d\u2019avoir des proches, de pouvoir contribuer, et de se sentir encore acteur de sa vie. C\u2019est refuser de consid\u00e9rer le temps comme un adversaire, et le voir comme un partenaire de croissance. Vieillir ne devrait pas \u00eatre synonyme de perte, mais d\u2019\u00e9largissement de son horizon, d\u2019approfondissement de soi et de gratitude.<\/p>\n\n\n\n<p>Alors, chaque matin, au lieu de se plaindre des ann\u00e9es qui passent, regardons-les comme des cadeaux : des pages de notre histoire que nous \u00e9crivons avec conscience et \u00e9merveillement. Vieillir est un privil\u00e8ge que la vie nous offre, et il m\u00e9rite d\u2019\u00eatre c\u00e9l\u00e9br\u00e9, jour apr\u00e8s jour.<\/p>\n\n\n\n<ul class=\"wp-block-list\">\n<li><strong><em><a href=\"https:\/\/guidosaverio.com\/\">Guido SAVERIO<\/a><\/em><\/strong><\/li>\n\n\n\n<li><strong><a href=\"https:\/\/guidosaverio.com\/qui-suis-je\/\">Qui suis-je<\/a><\/strong><\/li>\n<\/ul>\n\n\n\n<p><\/p>\n","protected":false},"excerpt":{"rendered":"<p>Chaque ann\u00e9e qui s\u2019ajoute n\u2019est pas un fardeau, mais un cadeau. Vieillir, c\u2019est accumuler exp\u00e9riences, sagesse et occasions de s\u2019\u00e9merveiller encore. Chaque ride raconte une histoire, chaque matin offre une chance de r\u00e9apprendre et de savourer la vie. Arr\u00eatons de&#8230; <a href=\"https:\/\/clubvivremieux.com\/index.php\/vieillir-un-privilege-a-celebrer\/\" class=\"readmore\">Read more<span class=\"screen-reader-text\">Vieillir : un privil\u00e8ge \u00e0 c\u00e9l\u00e9brer<\/span><span class=\"fa fa-angle-double-right\" aria-hidden=\"true\"><\/span><\/a><\/p>\n","protected":false},"author":1,"featured_media":0,"parent":0,"menu_order":0,"comment_status":"closed","ping_status":"closed","template":"","meta":{"footnotes":""},"class_list":["post-547","page","type-page","status-publish","hentry"],"_links":{"self":[{"href":"https:\/\/clubvivremieux.com\/index.php\/wp-json\/wp\/v2\/pages\/547","targetHints":{"allow":["GET"]}}],"collection":[{"href":"https:\/\/clubvivremieux.com\/index.php\/wp-json\/wp\/v2\/pages"}],"about":[{"href":"https:\/\/clubvivremieux.com\/index.php\/wp-json\/wp\/v2\/types\/page"}],"author":[{"embeddable":true,"href":"https:\/\/clubvivremieux.com\/index.php\/wp-json\/wp\/v2\/users\/1"}],"replies":[{"embeddable":true,"href":"https:\/\/clubvivremieux.com\/index.php\/wp-json\/wp\/v2\/comments?post=547"}],"version-history":[{"count":3,"href":"https:\/\/clubvivremieux.com\/index.php\/wp-json\/wp\/v2\/pages\/547\/revisions"}],"predecessor-version":[{"id":634,"href":"https:\/\/clubvivremieux.com\/index.php\/wp-json\/wp\/v2\/pages\/547\/revisions\/634"}],"wp:attachment":[{"href":"https:\/\/clubvivremieux.com\/index.php\/wp-json\/wp\/v2\/media?parent=547"}],"curies":[{"name":"wp","href":"https:\/\/api.w.org\/{rel}","templated":true}]}}