{"id":356,"date":"2025-02-28T10:17:46","date_gmt":"2025-02-28T10:17:46","guid":{"rendered":"https:\/\/clubvivremieux.com\/?page_id=356"},"modified":"2025-02-28T13:16:46","modified_gmt":"2025-02-28T13:16:46","slug":"relations-charisme","status":"publish","type":"page","link":"https:\/\/clubvivremieux.com\/index.php\/relations-charisme\/","title":{"rendered":"RELATIONS &amp; CHARISME"},"content":{"rendered":"\n<p>\ud83d\udca5 <strong>Si tu veux \u00eatre respect\u00e9, commence par arr\u00eater de supplier l\u2019attention des autres.<\/strong><br>La plupart des gens \u00e9chouent dans leurs relations parce qu\u2019ils sont dans le besoin : besoin d\u2019amour, besoin de validation, besoin de reconnaissance. <strong>Devine quoi ? Ce besoin se sent. Et il fait fuir les gens.<\/strong><\/p>\n\n\n\n<p>Si tu veux \u00eatre charismatique, s\u00e9duisant, et avoir des relations de qualit\u00e9, <strong>tu dois d\u2019abord apprendre \u00e0 \u00eatre OK seul.<\/strong><br>\u2714\ufe0f <strong>Arr\u00eate d\u2019attirer des gens toxiques en acceptant tout et n\u2019importe quoi.<\/strong><br>\u2714\ufe0f <strong>Pose des limites claires et fais le tri.<\/strong><br>\u2714\ufe0f <strong>Sois une personne qui inspire, pas une personne qui qu\u00e9mande.<\/strong><\/p>\n\n\n\n<p>\ud83d\udca1 <strong>Les gens te traitent comme tu leur permets de le faire.<\/strong><\/p>\n\n\n\n<h3 class=\"wp-block-heading has-text-align-center has-white-color has-vivid-red-background-color has-text-color has-background has-link-color wp-elements-9f71169e0fd6715ce263dc39229997cf\">(<em>Apprends \u00e0 dominer socialement \u2013 sans \u00eatre un connard<\/em>)<\/h3>\n\n\n\n<p>\u2714\ufe0f Construire un cercle social qui te tire vers le haut<br>\u2714\ufe0f S\u00e9duire sans jouer un r\u00f4le<br>\u2714\ufe0f Te faire respecter sans forcer<br>\u2714\ufe0f Mettre fin aux relations toxiques<\/p>\n\n\n\n<blockquote class=\"wp-block-quote is-layout-flow wp-block-quote-is-layout-flow\">\n<p><strong>Articles :<\/strong><\/p>\n\n\n\n<ul class=\"wp-block-list\">\n<li><strong>\u00ab\u00a0Si tu veux \u00eatre aim\u00e9, arr\u00eate d\u2019\u00eatre dans le besoin\u00a0\u00bb<\/strong><\/li>\n\n\n\n<li><strong>\u00ab\u00a0Les gens te traitent comme tu leur permets de le faire\u00a0\u00bb<\/strong><\/li>\n\n\n\n<li><strong>\u00ab\u00a0Pourquoi \u00eatre trop gentil te d\u00e9truit (et comment fixer des limites)\u00a0\u00bb<\/strong><\/li>\n\n\n\n<li>1\ufe0f\u20e3 <strong>Pourquoi personne ne te respecte (et comment y rem\u00e9dier d\u00e8s maintenant)<\/strong><\/li>\n\n\n\n<li>2\ufe0f\u20e3 <strong>Deviens magn\u00e9tique : le guide ultime pour captiver n&rsquo;importe qui<\/strong><\/li>\n\n\n\n<li>3\ufe0f\u20e3 <strong>Le mythe du \u00ab\u00a0gentil\u00a0\u00bb : pourquoi \u00eatre trop sympa te d\u00e9truit socialement<\/strong><\/li>\n\n\n\n<li>4\ufe0f\u20e3 <strong>Comment imposer le respect sans \u00e9lever la voix<\/strong><\/li>\n\n\n\n<li>5\ufe0f\u20e3 <strong>La psychologie du charisme : les 5 r\u00e8gles des personnes inoubliables<\/strong><\/li>\n\n\n\n<li>6\ufe0f\u20e3 <strong>Arr\u00eate de courir apr\u00e8s les gens \u2013 et regarde-les venir vers toi<\/strong><\/li>\n\n\n\n<li>7\ufe0f\u20e3 <strong>L\u2019art de parler moins et d\u2019avoir plus d\u2019impact (la technique du silence puissant)<\/strong><\/li>\n\n\n\n<li>8\ufe0f\u20e3 <strong>Pourquoi les gens t\u2019ignorent (et comment t\u2019assurer qu\u2019ils t\u2019\u00e9coutent vraiment)<\/strong><\/li>\n\n\n\n<li>9\ufe0f\u20e3 <strong>Les 3 erreurs qui te rendent invisible en soci\u00e9t\u00e9<\/strong><\/li>\n\n\n\n<li>\ud83d\udd1f <strong>Construire un cercle social de qualit\u00e9 : vire les sangsues et attire les gagnants<\/strong><\/li>\n\n\n\n<li>1\ufe0f\u20e31\ufe0f\u20e3 <strong>Deviens une l\u00e9gende : comment laisser une empreinte dans l\u2019esprit des autres<\/strong><\/li>\n\n\n\n<li>1\ufe0f\u20e32\ufe0f\u20e3 <strong>Les codes des gens influents : ce qu\u2019ils savent que tu ignores<\/strong><\/li>\n\n\n\n<li>1\ufe0f\u20e33\ufe0f\u20e3 <strong>Tu veux \u00eatre charismatique ? Commence par apprendre \u00e0 dire NON<\/strong><\/li>\n\n\n\n<li>1\ufe0f\u20e34\ufe0f\u20e3 <strong>Le langage corporel des leaders : 7 gestes qui imposent le respect<\/strong><\/li>\n\n\n\n<li>1\ufe0f\u20e35\ufe0f\u20e3 <strong>Pourquoi les gens charismatiques parlent lentement (et pourquoi tu devrais faire pareil)<\/strong><\/li>\n\n\n\n<li>1\ufe0f\u20e36\ufe0f\u20e3 <strong>La technique du \u00ab\u00a0statut invisible\u00a0\u00bb : comment avoir une aura sans parler<\/strong><\/li>\n\n\n\n<li>1\ufe0f\u20e37\ufe0f\u20e3 <strong>Les secrets des orateurs captivants : parle comme un leader, pas comme un suiveur<\/strong><\/li>\n\n\n\n<li>1\ufe0f\u20e38\ufe0f\u20e3 <strong>Neuf phrases puissantes qui marquent les esprits \u00e0 jamais<\/strong><\/li>\n\n\n\n<li>1\ufe0f\u20e39\ufe0f\u20e3 <strong>Comment d\u00e9truire la g\u00eane sociale et devenir \u00e0 l\u2019aise partout<\/strong><\/li>\n\n\n\n<li>2\ufe0f\u20e30\ufe0f\u20e3 <strong>Manipulation sociale : comment voir clair dans le jeu des autres (et ne plus te faire avoir)<\/strong><\/li>\n<\/ul>\n<\/blockquote>\n","protected":false},"excerpt":{"rendered":"<p>\ud83d\udca5 Si tu veux \u00eatre respect\u00e9, commence par arr\u00eater de supplier l\u2019attention des autres.La plupart des gens \u00e9chouent dans leurs relations parce qu\u2019ils sont dans le besoin : besoin d\u2019amour, besoin de validation, besoin de reconnaissance. Devine quoi ? Ce&#8230; <a href=\"https:\/\/clubvivremieux.com\/index.php\/relations-charisme\/\" class=\"readmore\">Read more<span class=\"screen-reader-text\">RELATIONS &amp; CHARISME<\/span><span class=\"fa fa-angle-double-right\" aria-hidden=\"true\"><\/span><\/a><\/p>\n","protected":false},"author":1,"featured_media":0,"parent":0,"menu_order":0,"comment_status":"closed","ping_status":"closed","template":"","meta":{"footnotes":""},"class_list":["post-356","page","type-page","status-publish","hentry"],"_links":{"self":[{"href":"https:\/\/clubvivremieux.com\/index.php\/wp-json\/wp\/v2\/pages\/356","targetHints":{"allow":["GET"]}}],"collection":[{"href":"https:\/\/clubvivremieux.com\/index.php\/wp-json\/wp\/v2\/pages"}],"about":[{"href":"https:\/\/clubvivremieux.com\/index.php\/wp-json\/wp\/v2\/types\/page"}],"author":[{"embeddable":true,"href":"https:\/\/clubvivremieux.com\/index.php\/wp-json\/wp\/v2\/users\/1"}],"replies":[{"embeddable":true,"href":"https:\/\/clubvivremieux.com\/index.php\/wp-json\/wp\/v2\/comments?post=356"}],"version-history":[{"count":2,"href":"https:\/\/clubvivremieux.com\/index.php\/wp-json\/wp\/v2\/pages\/356\/revisions"}],"predecessor-version":[{"id":395,"href":"https:\/\/clubvivremieux.com\/index.php\/wp-json\/wp\/v2\/pages\/356\/revisions\/395"}],"wp:attachment":[{"href":"https:\/\/clubvivremieux.com\/index.php\/wp-json\/wp\/v2\/media?parent=356"}],"curies":[{"name":"wp","href":"https:\/\/api.w.org\/{rel}","templated":true}]}}