{"id":2019,"date":"2025-12-20T15:37:23","date_gmt":"2025-12-20T15:37:23","guid":{"rendered":"https:\/\/clubvivremieux.com\/?page_id=2019"},"modified":"2025-12-20T15:40:51","modified_gmt":"2025-12-20T15:40:51","slug":"cesser-de-trop-penser-et-se-detendre","status":"publish","type":"page","link":"https:\/\/clubvivremieux.com\/index.php\/cesser-de-trop-penser-et-se-detendre\/","title":{"rendered":"Cesser de trop penser et se d\u00e9tendre"},"content":{"rendered":"<div class=\"wp-block-image\">\n<figure class=\"aligncenter size-full\"><img loading=\"lazy\" decoding=\"async\" width=\"256\" height=\"384\" src=\"https:\/\/clubvivremieux.com\/wp-content\/uploads\/2025\/12\/256ChatGPT-Image-20-dec.-2025-16_3.png\" alt=\"\" class=\"wp-image-2020\" srcset=\"https:\/\/clubvivremieux.com\/wp-content\/uploads\/2025\/12\/256ChatGPT-Image-20-dec.-2025-16_3.png 256w, https:\/\/clubvivremieux.com\/wp-content\/uploads\/2025\/12\/256ChatGPT-Image-20-dec.-2025-16_3-200x300.png 200w\" sizes=\"auto, (max-width: 256px) 100vw, 256px\" \/><\/figure><\/div>\n\n\n<p>Une technique tr\u00e8s simple et efficace pour <strong>cesser de trop penser et se d\u00e9tendre<\/strong> s\u2019appelle <strong>la coh\u00e9rence cardiaque<\/strong> (ou respiration 365).<\/p>\n\n\n\n<h3 class=\"wp-block-heading\">\ud83c\udf3f La coh\u00e9rence cardiaque<\/h3>\n\n\n\n<p>C\u2019est une m\u00e9thode de respiration qui calme le syst\u00e8me nerveux et fait naturellement ralentir le flot des pens\u00e9es.<\/p>\n\n\n\n<p><strong>Comment la pratiquer :<\/strong><\/p>\n\n\n\n<ol class=\"wp-block-list\">\n<li>Inspirez lentement par le nez pendant <strong>5 secondes<\/strong><\/li>\n\n\n\n<li>Expirez doucement par la bouche pendant <strong>5 secondes<\/strong><\/li>\n\n\n\n<li>R\u00e9p\u00e9tez pendant <strong>5 minutes<\/strong><\/li>\n<\/ol>\n\n\n\n<p>\ud83d\udc49 Cela fait <strong>6 respirations par minute<\/strong>, ce qui envoie un signal de s\u00e9curit\u00e9 au cerveau.<\/p>\n\n\n\n<p><strong>Pourquoi \u00e7a marche :<\/strong><\/p>\n\n\n\n<ul class=\"wp-block-list\">\n<li>Diminue le stress et l\u2019anxi\u00e9t\u00e9<\/li>\n\n\n\n<li>Ralentit les pens\u00e9es envahissantes<\/li>\n\n\n\n<li>Favorise la d\u00e9tente corporelle et mentale<\/li>\n\n\n\n<li>Am\u00e9liore le sommeil et la concentration<\/li>\n<\/ul>\n\n\n\n<hr class=\"wp-block-separator has-alpha-channel-opacity\"\/>\n\n\n\n<h3 class=\"wp-block-heading\">\ud83e\uddd8\u200d\u2640\ufe0f Alternative tr\u00e8s rapide (1 minute)<\/h3>\n\n\n\n<p>Si vous \u00eates submerg\u00e9(e) :<\/p>\n\n\n\n<ul class=\"wp-block-list\">\n<li>Inspirez 4 secondes<\/li>\n\n\n\n<li>Retenez 2 secondes<\/li>\n\n\n\n<li>Expirez 6 secondes<\/li>\n\n\n\n<li>Faites-le 5 \u00e0 10 fois<\/li>\n<\/ul>\n\n\n\n<hr class=\"wp-block-separator has-alpha-channel-opacity\"\/>\n\n\n\n<h3 class=\"wp-block-heading\">\ud83d\udca1 Astuce mentale compl\u00e9mentaire<\/h3>\n\n\n\n<p>Pendant l\u2019expiration, r\u00e9p\u00e9tez int\u00e9rieurement un mot simple comme :<\/p>\n\n\n\n<blockquote class=\"wp-block-quote is-layout-flow wp-block-quote-is-layout-flow\">\n<p><em>\u00ab calme \u00bb<\/em> ou <em>\u00ab j\u2019expire \u00bb<\/em><\/p>\n<\/blockquote>\n\n\n\n<p>Cela occupe l\u2019esprit et emp\u00eache les ruminations.<\/p>\n\n\n\n<figure class=\"wp-block-image size-large\"><img loading=\"lazy\" decoding=\"async\" width=\"1024\" height=\"683\" src=\"https:\/\/clubvivremieux.com\/wp-content\/uploads\/2025\/12\/image-1024x683.png\" alt=\"\" class=\"wp-image-2025\" srcset=\"https:\/\/clubvivremieux.com\/wp-content\/uploads\/2025\/12\/image-1024x683.png 1024w, https:\/\/clubvivremieux.com\/wp-content\/uploads\/2025\/12\/image-300x200.png 300w, https:\/\/clubvivremieux.com\/wp-content\/uploads\/2025\/12\/image-768x512.png 768w, https:\/\/clubvivremieux.com\/wp-content\/uploads\/2025\/12\/image.png 1536w\" sizes=\"auto, (max-width: 1024px) 100vw, 1024px\" \/><\/figure>\n","protected":false},"excerpt":{"rendered":"<p>Une technique tr\u00e8s simple et efficace pour cesser de trop penser et se d\u00e9tendre s\u2019appelle la coh\u00e9rence cardiaque (ou respiration 365). \ud83c\udf3f La coh\u00e9rence cardiaque C\u2019est une m\u00e9thode de respiration qui calme le syst\u00e8me nerveux et fait naturellement ralentir le&#8230; <a href=\"https:\/\/clubvivremieux.com\/index.php\/cesser-de-trop-penser-et-se-detendre\/\" class=\"readmore\">Read more<span class=\"screen-reader-text\">Cesser de trop penser et se d\u00e9tendre<\/span><span class=\"fa fa-angle-double-right\" aria-hidden=\"true\"><\/span><\/a><\/p>\n","protected":false},"author":1,"featured_media":0,"parent":0,"menu_order":0,"comment_status":"closed","ping_status":"closed","template":"","meta":{"footnotes":""},"class_list":["post-2019","page","type-page","status-publish","hentry"],"_links":{"self":[{"href":"https:\/\/clubvivremieux.com\/index.php\/wp-json\/wp\/v2\/pages\/2019","targetHints":{"allow":["GET"]}}],"collection":[{"href":"https:\/\/clubvivremieux.com\/index.php\/wp-json\/wp\/v2\/pages"}],"about":[{"href":"https:\/\/clubvivremieux.com\/index.php\/wp-json\/wp\/v2\/types\/page"}],"author":[{"embeddable":true,"href":"https:\/\/clubvivremieux.com\/index.php\/wp-json\/wp\/v2\/users\/1"}],"replies":[{"embeddable":true,"href":"https:\/\/clubvivremieux.com\/index.php\/wp-json\/wp\/v2\/comments?post=2019"}],"version-history":[{"count":2,"href":"https:\/\/clubvivremieux.com\/index.php\/wp-json\/wp\/v2\/pages\/2019\/revisions"}],"predecessor-version":[{"id":2026,"href":"https:\/\/clubvivremieux.com\/index.php\/wp-json\/wp\/v2\/pages\/2019\/revisions\/2026"}],"wp:attachment":[{"href":"https:\/\/clubvivremieux.com\/index.php\/wp-json\/wp\/v2\/media?parent=2019"}],"curies":[{"name":"wp","href":"https:\/\/api.w.org\/{rel}","templated":true}]}}