{"id":124,"date":"2023-10-22T13:37:35","date_gmt":"2023-10-22T13:37:35","guid":{"rendered":"https:\/\/clubvivremieux.com\/?page_id=124"},"modified":"2023-10-22T13:39:53","modified_gmt":"2023-10-22T13:39:53","slug":"soyez-ouvert-a-de-nouvelles-experiences","status":"publish","type":"page","link":"https:\/\/clubvivremieux.com\/index.php\/soyez-ouvert-a-de-nouvelles-experiences\/","title":{"rendered":"Soyez Ouvert \u00e0 de Nouvelles Exp\u00e9riences"},"content":{"rendered":"\n<p class=\"has-medium-font-size\"><strong>&#8211; L&rsquo;Art de l&rsquo;\u00c9largissement de l&rsquo;Esprit et de l&rsquo;Enrichissement de la Vie<\/strong><\/p>\n\n\n\n<iframe loading=\"lazy\" width=\"560\" height=\"315\" src=\"https:\/\/www.youtube.com\/embed\/erDKUr9OqPU?si=q187pPphId5LhjfZ\" title=\"YouTube video player\" frameborder=\"0\" allow=\"accelerometer; autoplay; clipboard-write; encrypted-media; gyroscope; picture-in-picture; web-share\" allowfullscreen><\/iframe>\n\n\n\n<p>je vous convie \u00e0 plonger dans un voyage vers l&rsquo;ouverture \u00e0 de nouvelles exp\u00e9riences, une cl\u00e9 pr\u00e9cieuse pour d\u00e9verrouiller les portes de la d\u00e9couverte, de l&rsquo;apprentissage et de l&rsquo;enrichissement de votre vie. L&rsquo;art d&rsquo;\u00eatre ouvert \u00e0 de nouvelles exp\u00e9riences est un chemin qui m\u00e8ne \u00e0 l&rsquo;exploration, \u00e0 la croissance personnelle et \u00e0 une vision plus vaste du monde qui nous entoure. Dans cette exploration, nous allons examiner en profondeur pourquoi \u00eatre ouvert \u00e0 de nouvelles exp\u00e9riences est si vital et comment vous pouvez l&rsquo;int\u00e9grer dans votre vie.<\/p>\n\n\n\n<p><strong>L&rsquo;Importance de l&rsquo;ouverture \u00e0 de Nouvelles Exp\u00e9riences<\/strong><\/p>\n\n\n\n<p>La vie est une aventure, un voyage \u00e9tonnant qui nous offre constamment des opportunit\u00e9s de d\u00e9couvrir, d&rsquo;apprendre et de grandir. L&rsquo;ouverture \u00e0 de nouvelles exp\u00e9riences est la cl\u00e9 qui ouvre la porte \u00e0 ces opportunit\u00e9s. C&rsquo;est un \u00e9tat d&rsquo;esprit qui embrasse la nouveaut\u00e9, qui recherche activement de nouvelles connaissances, de nouvelles cultures, de nouvelles comp\u00e9tences, et de nouvelles fa\u00e7ons de penser.<\/p>\n\n\n\n<p>\u00catre ouvert \u00e0 de nouvelles exp\u00e9riences va bien au-del\u00e0 de l&rsquo;acquisition de nouvelles comp\u00e9tences ou de la d\u00e9couverte de nouveaux endroits. Cela signifie \u00e9largir votre perspective, remettre en question vos croyances existantes, et explorer de nouveaux horizons mentaux et \u00e9motionnels. C&rsquo;est un acte de curiosit\u00e9, d&rsquo;acceptation et d&rsquo;aventure.<\/p>\n\n\n\n<p>LA SUITE DANS LA VIDEO<\/p>\n","protected":false},"excerpt":{"rendered":"<p>&#8211; L&rsquo;Art de l&rsquo;\u00c9largissement de l&rsquo;Esprit et de l&rsquo;Enrichissement de la Vie je vous convie \u00e0 plonger dans un voyage vers l&rsquo;ouverture \u00e0 de nouvelles exp\u00e9riences, une cl\u00e9 pr\u00e9cieuse pour d\u00e9verrouiller les portes de la d\u00e9couverte, de l&rsquo;apprentissage et de&#8230; <a href=\"https:\/\/clubvivremieux.com\/index.php\/soyez-ouvert-a-de-nouvelles-experiences\/\" class=\"readmore\">Read more<span class=\"screen-reader-text\">Soyez Ouvert \u00e0 de Nouvelles Exp\u00e9riences<\/span><span class=\"fa fa-angle-double-right\" aria-hidden=\"true\"><\/span><\/a><\/p>\n","protected":false},"author":1,"featured_media":0,"parent":0,"menu_order":0,"comment_status":"closed","ping_status":"closed","template":"","meta":{"footnotes":""},"class_list":["post-124","page","type-page","status-publish","hentry"],"_links":{"self":[{"href":"https:\/\/clubvivremieux.com\/index.php\/wp-json\/wp\/v2\/pages\/124","targetHints":{"allow":["GET"]}}],"collection":[{"href":"https:\/\/clubvivremieux.com\/index.php\/wp-json\/wp\/v2\/pages"}],"about":[{"href":"https:\/\/clubvivremieux.com\/index.php\/wp-json\/wp\/v2\/types\/page"}],"author":[{"embeddable":true,"href":"https:\/\/clubvivremieux.com\/index.php\/wp-json\/wp\/v2\/users\/1"}],"replies":[{"embeddable":true,"href":"https:\/\/clubvivremieux.com\/index.php\/wp-json\/wp\/v2\/comments?post=124"}],"version-history":[{"count":2,"href":"https:\/\/clubvivremieux.com\/index.php\/wp-json\/wp\/v2\/pages\/124\/revisions"}],"predecessor-version":[{"id":127,"href":"https:\/\/clubvivremieux.com\/index.php\/wp-json\/wp\/v2\/pages\/124\/revisions\/127"}],"wp:attachment":[{"href":"https:\/\/clubvivremieux.com\/index.php\/wp-json\/wp\/v2\/media?parent=124"}],"curies":[{"name":"wp","href":"https:\/\/api.w.org\/{rel}","templated":true}]}}