{"id":1139,"date":"2025-11-27T20:31:06","date_gmt":"2025-11-27T20:31:06","guid":{"rendered":"https:\/\/clubvivremieux.com\/?page_id=1139"},"modified":"2025-12-07T16:00:37","modified_gmt":"2025-12-07T16:00:37","slug":"fais-ton-auto-test-decouvre-tes-profils","status":"publish","type":"page","link":"https:\/\/clubvivremieux.com\/index.php\/fais-ton-auto-test-decouvre-tes-profils\/","title":{"rendered":"TESTS &#8211; QUIZ &#8211; AUTO TESTS &#8211; avec certificats"},"content":{"rendered":"\n<div class=\"wp-block-columns is-layout-flex wp-container-core-columns-is-layout-1 wp-block-columns-is-layout-flex\">\n<div class=\"wp-block-column is-layout-flow wp-block-column-is-layout-flow\"><div class=\"wp-block-image\">\n<figure class=\"aligncenter size-full is-resized\"><img loading=\"lazy\" decoding=\"async\" width=\"256\" height=\"384\" src=\"https:\/\/clubvivremieux.com\/wp-content\/uploads\/2025\/11\/Design-sans-titre-1.png\" alt=\"\" class=\"wp-image-1140\" style=\"width:144px;height:auto\" srcset=\"https:\/\/clubvivremieux.com\/wp-content\/uploads\/2025\/11\/Design-sans-titre-1.png 256w, https:\/\/clubvivremieux.com\/wp-content\/uploads\/2025\/11\/Design-sans-titre-1-200x300.png 200w\" sizes=\"auto, (max-width: 256px) 100vw, 256px\" \/><\/figure><\/div><\/div>\n\n\n\n<div class=\"wp-block-column is-layout-flow wp-block-column-is-layout-flow\"><div class=\"wp-block-image\">\n<figure class=\"aligncenter size-full is-resized\"><img loading=\"lazy\" decoding=\"async\" width=\"431\" height=\"431\" src=\"https:\/\/clubvivremieux.com\/wp-content\/uploads\/2025\/11\/56hvs4n6-qr.png\" alt=\"\" class=\"wp-image-1142\" style=\"width:177px;height:auto\" srcset=\"https:\/\/clubvivremieux.com\/wp-content\/uploads\/2025\/11\/56hvs4n6-qr.png 431w, https:\/\/clubvivremieux.com\/wp-content\/uploads\/2025\/11\/56hvs4n6-qr-300x300.png 300w, https:\/\/clubvivremieux.com\/wp-content\/uploads\/2025\/11\/56hvs4n6-qr-150x150.png 150w\" sizes=\"auto, (max-width: 431px) 100vw, 431px\" \/><\/figure><\/div><\/div>\n<\/div>\n\n\n\n<div class=\"wp-block-columns is-layout-flex wp-container-core-columns-is-layout-2 wp-block-columns-is-layout-flex\">\n<div class=\"wp-block-column is-layout-flow wp-block-column-is-layout-flow\">\n<ul class=\"wp-block-list\">\n<li><strong><em><a href=\"https:\/\/clubvivremieux.com\/index.php\/1604-2\/\">Quel nouveau d\u00e9part est fait pour toi ?<\/a><\/em><\/strong><\/li>\n\n\n\n<li><a href=\"https:\/\/clubvivremieux.com\/index.php\/1597-2\/\"><strong><em>R\u00eave d\u2019un jour o\u00f9 tout change \u2014 d\u00e9couvre ce que tu ferais !<\/em><\/strong><\/a><\/li>\n\n\n\n<li><strong><a href=\"https:\/\/clubvivremieux.com\/index.php\/1614-2\/\">Que ferais-tu si tu gagnais au loto ?<\/a><\/strong><\/li>\n\n\n\n<li><strong><em><a href=\"https:\/\/clubvivremieux.com\/index.php\/1634-2\/\">Test : Reconna\u00eetre un manipulateur \/ une manipulatrice<\/a><\/em><\/strong><\/li>\n\n\n\n<li><strong><em><a href=\"https:\/\/clubvivremieux.com\/index.php\/savoirs-anciens-astuces-pratiques\/\">Test : Reconna\u00eetre un menteur \/ une menteuse<\/a><\/em><\/strong><\/li>\n\n\n\n<li><strong><em><a href=\"https:\/\/clubvivremieux.com\/index.php\/test-comment-reconnaitre-une-femme-amoureuse\/\">Test : Comment reconna\u00eetre une femme amoureuse ?<\/a><\/em><\/strong><\/li>\n\n\n\n<li><strong><em><a href=\"https:\/\/clubvivremieux.com\/index.php\/1660-2\/\">Comment savoir si un homme est amoureux ?<\/a><\/em><\/strong><\/li>\n\n\n\n<li><strong><a href=\"https:\/\/clubvivremieux.com\/index.php\/1668-2\/\">Quel est votre Karma ?<\/a><\/strong><\/li>\n<\/ul>\n<\/div>\n\n\n\n<div class=\"wp-block-column has-luminous-vivid-amber-background-color has-background is-layout-flow wp-block-column-is-layout-flow\">\n<p class=\"has-text-align-center has-large-font-size\"><strong>JEUX INTERACTIFS<\/strong><\/p>\n\n\n\n<ul class=\"wp-block-list\">\n<li><a href=\"https:\/\/clubvivremieux.com\/index.php\/1775-2\/\"><strong>Jeu de Plateau \u2013 2 Joueurs<\/strong><\/a><\/li>\n\n\n\n<li><a href=\"https:\/\/clubvivremieux.com\/index.php\/jeu-de-plateau-interactif\/\"><strong>Jeu de Plateau Interactif<\/strong><\/a><\/li>\n\n\n\n<li><strong><a href=\"https:\/\/clubvivremieux.com\/index.php\/1784-2\/\">Le D\u00e9fi des Aventuriers Mini-jeu narratif avec quiz, bonus\/malus et certificat final<\/a><\/strong><\/li>\n\n\n\n<li><strong><em><a href=\"https:\/\/clubvivremieux.com\/index.php\/le-defi-des-aventuriers-version-immersive\/\">Le Mur Maudit \u2013 Jeux + certificat<\/a><\/em><\/strong><\/li>\n\n\n\n<li><strong><em><a href=\"https:\/\/clubvivremieux.com\/index.php\/conquete-express\/\">Conqu\u00eate Express &#8211; Micro-Jeu de Territoire<\/a><\/em><\/strong><\/li>\n\n\n\n<li><strong><em><a href=\"https:\/\/vivreavecguido.be\/jeu-des-4-piliers-sante\/\">Jeu des 4 piliers SANTE (v1)<\/a><\/em><\/strong><\/li>\n<\/ul>\n<\/div>\n<\/div>\n\n\n\n<div class=\"wp-block-columns is-layout-flex wp-container-core-columns-is-layout-3 wp-block-columns-is-layout-flex\">\n<div class=\"wp-block-column is-layout-flow wp-block-column-is-layout-flow\">\n<ul class=\"wp-block-list\">\n<li class=\"has-light-green-cyan-background-color has-background\"><strong><em><a href=\"https:\/\/clubvivremieux.com\/index.php\/10-astuces-simples-oubliees-qui-facilitent-la-vie\/\">10 Astuces Simples &amp; Oubli\u00e9es Qui Facilitent la Vie<\/a><\/em><\/strong><\/li>\n\n\n\n<li class=\"has-light-green-cyan-background-color has-background\"><strong><a href=\"https:\/\/clubvivremieux.com\/index.php\/1686-2\/\">Mindset des Gens Riches \u2014 Quiz<\/a><\/strong> et recevez un   certificat PDF <\/li>\n\n\n\n<li class=\"has-light-green-cyan-background-color has-background\"><strong><em><a href=\"https:\/\/clubvivremieux.com\/index.php\/1695-2\/\">Mini-Cours: Vivre dans ce monde actuel &#8211; avec TEST et certificat<\/a><\/em><\/strong><\/li>\n\n\n\n<li class=\"has-light-green-cyan-background-color has-background\"><strong><em><a href=\"https:\/\/clubvivremieux.com\/index.php\/ne-cherche-pas-toujours-la-verite-cherche-ce-qui-taide-vraiment\/\">Ne cherche pas toujours la v\u00e9rit\u00e9, cherche ce qui t\u2019aide vraiment<\/a><\/em><\/strong><\/li>\n\n\n\n<li class=\"has-light-green-cyan-background-color has-background\"><strong><em><a href=\"https:\/\/clubvivremieux.com\/index.php\/le-cout-de-la-vie-vous-ecrase-que-faire-test-certificat\/\">Le co\u00fbt de la vie vous \u00e9crase ? Que faire ? (TEST + Certificat)<\/a><\/em><\/strong><\/li>\n\n\n\n<li class=\"has-light-green-cyan-background-color has-background\"><strong><em><a href=\"https:\/\/clubvivremieux.com\/index.php\/1719-2\/\">Quiz : Pourquoi est-il difficile de trouver le vrai amour de nos jours ?<\/a><\/em><\/strong><\/li>\n\n\n\n<li class=\"has-light-green-cyan-background-color has-background\"><strong><em><a href=\"https:\/\/clubvivremieux.com\/index.php\/1739-2\/\">TEST \u2013 L\u2019\u00e9cole nous pr\u00e9pare-t-elle vraiment \u00e0 la vie ?<\/a><\/em><\/strong><\/li>\n\n\n\n<li class=\"has-light-green-cyan-background-color has-background\"><strong><em><a href=\"https:\/\/clubvivremieux.com\/index.php\/a-quel-moment-abandonnes-tu-le-plus-rapidement\/\">\u00c0 quel moment abandonnes-tu le plus rapidement ? TEST + CERTIFICAT<\/a><\/em><\/strong><\/li>\n\n\n\n<li class=\"has-light-green-cyan-background-color has-background\"><strong><em><a href=\"https:\/\/clubvivremieux.com\/index.php\/1761-2\/\">Mini-quiz : Le principe du 80\/20 avec certificat<\/a><\/em><\/strong><\/li>\n<\/ul>\n<\/div>\n\n\n\n<div class=\"wp-block-column is-layout-flow wp-block-column-is-layout-flow\">\n<ul class=\"wp-block-list\">\n<li><strong><em><a href=\"https:\/\/clubvivremieux.com\/index.php\/quiz-du-respect-version-amelioree\/\">Quiz du Respect \u2013 gestes de respect &#8211; avec certificat<\/a><\/em><\/strong><\/li>\n\n\n\n<li><strong><em><a href=\"https:\/\/clubvivremieux.com\/index.php\/quiz-aimes-tu-vraiment-quelquun-2\/\">Quiz : Aimes-tu vraiment quelqu\u2019un ? &#8211; avec certificat<\/a><\/em><\/strong><\/li>\n<\/ul>\n<\/div>\n<\/div>\n\n\n\n<ul class=\"wp-block-list\">\n<li><\/li>\n<\/ul>\n\n\n\n<div class=\"wp-block-columns is-layout-flex wp-container-core-columns-is-layout-4 wp-block-columns-is-layout-flex\">\n<div class=\"wp-block-column has-pale-cyan-blue-background-color has-background is-layout-flow wp-block-column-is-layout-flow\">\n<ul class=\"wp-block-list\">\n<li><strong><a href=\"https:\/\/clubvivremieux.com\/index.php\/1157-2\/\">Autotest : Quel type de c\u00e9libataire \u00eates-vous ?<\/a><\/strong><\/li>\n\n\n\n<li><strong><a href=\"https:\/\/clubvivremieux.com\/index.php\/test-amoureux\/\">\u201cQuel est ton langage de l\u2019amour ?<\/a><\/strong><\/li>\n\n\n\n<li><strong><a href=\"https:\/\/clubvivremieux.com\/index.php\/quel-est-ton-style-amoureux\/\">Quel est ton style amoureux ?<\/a><\/strong><\/li>\n\n\n\n<li><strong><a href=\"https:\/\/clubvivremieux.com\/index.php\/test-de-compatibilite-amoureuse\/\">Test de Compatibilit\u00e9 Amoureuse<\/a><\/strong><\/li>\n\n\n\n<li><strong><a href=\"https:\/\/clubvivremieux.com\/index.php\/1149-2\/\">Test de Style d\u2019Attachement<\/a><\/strong><\/li>\n\n\n\n<li><strong><a href=\"https:\/\/clubvivremieux.com\/index.php\/quel-type-damie-es-tu\/\">Quel type d\u2019amie es-tu ?<\/a><\/strong><\/li>\n\n\n\n<li><strong><a href=\"https:\/\/clubvivremieux.com\/index.php\/1293-2\/\">Quel type d\u2019amie es-tu ?(2)<\/a><\/strong><\/li>\n\n\n\n<li><strong><a href=\"https:\/\/clubvivremieux.com\/index.php\/quel-genre-depouse-es-tu\/\">Quel genre d\u2019\u00e9pouse es-tu ?<\/a><\/strong><\/li>\n\n\n\n<li><strong><a href=\"https:\/\/clubvivremieux.com\/index.php\/1177-2\/\">D\u00e9couvre ton profil secret !<\/a><\/strong><\/li>\n<\/ul>\n<\/div>\n\n\n\n<div class=\"wp-block-column is-layout-flow wp-block-column-is-layout-flow\">\n<ul class=\"wp-block-list\">\n<li><em><strong><a href=\"https:\/\/clubvivremieux.com\/index.php\/decouvre-ton-horoscope-du-jour\/\">D\u00e9couvre ton Horoscope du Jour&nbsp;<\/a><\/strong><\/em><\/li>\n\n\n\n<li><strong><a href=\"https:\/\/clubvivremieux.com\/index.php\/voyance-du-jour\/\">Voyance du Jour<\/a><\/strong><\/li>\n\n\n\n<li><strong><a href=\"https:\/\/clubvivremieux.com\/index.php\/1252-2\/\">Votre Voyance du Jour ( 2 )<\/a><\/strong><\/li>\n\n\n\n<li><strong><a href=\"https:\/\/clubvivremieux.com\/index.php\/motivation-du-jour\/\">Motivation du Jour<\/a><\/strong><\/li>\n<\/ul>\n<\/div>\n<\/div>\n\n\n\n<div class=\"wp-block-columns is-layout-flex wp-container-core-columns-is-layout-5 wp-block-columns-is-layout-flex\">\n<div class=\"wp-block-column is-layout-flow wp-block-column-is-layout-flow\">\n<ul class=\"wp-block-list\">\n<li><strong><a href=\"https:\/\/clubvivremieux.com\/index.php\/1305-2\/\">Tu ne controle plus rien ?<\/a><\/strong><\/li>\n\n\n\n<li><strong><a href=\"https:\/\/clubvivremieux.com\/index.php\/1313-2\/\">Identifie le niveau d\u2019angoisse<\/a><\/strong><\/li>\n\n\n\n<li><a href=\"https:\/\/clubvivremieux.com\/index.php\/auto-test-burn-out-epuisement\/\"><strong>Auto-test Burn-out \/ \u00c9puisement<\/strong><\/a><\/li>\n\n\n\n<li><strong><a href=\"https:\/\/clubvivremieux.com\/index.php\/auto-test-burn-out-epuisement-2\/\">Auto-test Burn-out \/ \u00c9puisement ( 2 )<\/a><\/strong><\/li>\n<\/ul>\n<\/div>\n\n\n\n<div class=\"wp-block-column is-layout-flow wp-block-column-is-layout-flow\">\n<ul class=\"wp-block-list\">\n<li><strong><a href=\"https:\/\/clubvivremieux.com\/index.php\/quel-type-de-personnalite-moderne-es-tu\/\">Quel type de personnalit\u00e9 moderne es-tu ?<\/a><\/strong><\/li>\n\n\n\n<li><strong><a href=\"https:\/\/clubvivremieux.com\/index.php\/1160-2\/\">Quel type de personnalit\u00e9 refl\u00e8te ton style de vie ?<\/a><\/strong><\/li>\n\n\n\n<li><strong><a href=\"https:\/\/clubvivremieux.com\/index.php\/quel-personnage-de-serie-ou-film-es-tu\/\">Quel personnage de s\u00e9rie ou film es-tu ? (2)<\/a><\/strong><\/li>\n<\/ul>\n<\/div>\n<\/div>\n\n\n\n<div class=\"wp-block-columns is-layout-flex wp-container-core-columns-is-layout-6 wp-block-columns-is-layout-flex\">\n<div class=\"wp-block-column is-layout-flow wp-block-column-is-layout-flow\">\n<ul class=\"wp-block-list\">\n<li><strong><a href=\"https:\/\/clubvivremieux.com\/index.php\/1153-2\/\">\u00c9valuez votre qualit\u00e9 de vie \u00e0 la retraite<\/a><\/strong><\/li>\n\n\n\n<li><strong><a href=\"https:\/\/clubvivremieux.com\/index.php\/auto-test-senior\/\">Auto-Test Senior<\/a><\/strong><\/li>\n<\/ul>\n<\/div>\n\n\n\n<div class=\"wp-block-column is-layout-flow wp-block-column-is-layout-flow\">\n<ul class=\"wp-block-list\">\n<li><strong><a href=\"https:\/\/clubvivremieux.com\/index.php\/1162-2\/\">Quel m\u00e9tier te correspond ?<\/a><\/strong><\/li>\n\n\n\n<li><strong><a href=\"https:\/\/clubvivremieux.com\/index.php\/1301-2\/\">Quel m\u00e9tier est fait pour vous ?<\/a><\/strong> ( 2 )<\/li>\n\n\n\n<li><\/li>\n\n\n\n<li><strong><a href=\"https:\/\/clubvivremieux.com\/index.php\/quel-genre-detudiant-es-tu\/\">Quel genre d\u2019\u00e9tudiant es-tu ?<\/a><\/strong><\/li>\n\n\n\n<li><strong><a href=\"https:\/\/clubvivremieux.com\/index.php\/1164-2\/\">Quel style de travailleur es-tu ?<\/a><\/strong><\/li>\n\n\n\n<li><strong><a href=\"https:\/\/clubvivremieux.com\/index.php\/quel-genre-de-travailleur-es-tu\/\">Quel genre de travailleur es-tu ?<\/a><\/strong> (2)<\/li>\n<\/ul>\n<\/div>\n<\/div>\n\n\n\n<div class=\"wp-block-columns is-layout-flex wp-container-core-columns-is-layout-7 wp-block-columns-is-layout-flex\">\n<div class=\"wp-block-column is-layout-flow wp-block-column-is-layout-flow\">\n<ul class=\"wp-block-list\">\n<li><a href=\"https:\/\/clubvivremieux.com\/index.php\/auto-test-bien-etre-general\/\"><strong>Auto-test Bien-\u00eatre G\u00e9n\u00e9ral<\/strong><\/a><\/li>\n\n\n\n<li><a href=\"https:\/\/clubvivremieux.com\/index.php\/auto-test-de-gestion-du-stress\/\"><strong>Auto-Test de Gestion du Stress<\/strong><\/a><\/li>\n\n\n\n<li><a href=\"https:\/\/clubvivremieux.com\/index.php\/auto-test-alimentation-et-energie\/\"><strong>Auto-test : Alimentation et \u00c9nergie<\/strong><\/a><\/li>\n\n\n\n<li><a href=\"https:\/\/clubvivremieux.com\/index.php\/1114-2\/\"><strong>Auto-test : \u00c9quilibre Vie Pro \/ Vie Perso<\/strong><\/a><\/li>\n\n\n\n<li><a href=\"https:\/\/clubvivremieux.com\/index.php\/auto-test-habitudes-positives\/\"><strong>Auto-Test : Habitudes Positives<\/strong><\/a><\/li>\n\n\n\n<li><a href=\"https:\/\/clubvivremieux.com\/index.php\/auto-test-sante-physique\/\"><strong>Auto-Test Sant\u00e9 Physique<\/strong><\/a><\/li>\n\n\n\n<li><a href=\"https:\/\/clubvivremieux.com\/index.php\/auto-test-de-bien-etre-mental-et-emotionnel\/\"><strong>Auto-Test de Bien-\u00catre Mental et \u00c9motionnel<\/strong><\/a><\/li>\n\n\n\n<li><a href=\"https:\/\/clubvivremieux.com\/index.php\/auto-test-decouvrez-votre-type-de-bonheur-dominant\/\"><strong>Auto-test : D\u00e9couvrez votre type de bonheur dominant<\/strong><\/a><\/li>\n<\/ul>\n<\/div>\n\n\n\n<div class=\"wp-block-column has-light-green-cyan-background-color has-background is-layout-flow wp-block-column-is-layout-flow\">\n<p class=\"has-text-align-center\"><strong><em>Motivation \/ Mindset<\/em><\/strong><\/p>\n\n\n\n<ul class=\"wp-block-list\">\n<li><strong><em><a href=\"https:\/\/clubvivremieux.com\/index.php\/1480-2\/\">Confiance imm\u00e9diate Astuce en 15 secondes<\/a><\/em><\/strong><\/li>\n\n\n\n<li><strong><em><a href=\"https:\/\/clubvivremieux.com\/index.php\/motivation-express\/\">Motivation Express<\/a><\/em><\/strong><\/li>\n\n\n\n<li><strong><em><a href=\"https:\/\/clubvivremieux.com\/index.php\/semaine-sortir-du-mental\/\">Semaine \u201cSortir du Mental\u201d<\/a><\/em><\/strong><\/li>\n\n\n\n<li><em><strong><a href=\"https:\/\/clubvivremieux.com\/index.php\/tutoriel-rapide-mini-courage\/\">Tutoriel rapide : Mini-courage<\/a><\/strong><\/em>&nbsp;<\/li>\n\n\n\n<li><strong><em><a href=\"https:\/\/clubvivremieux.com\/index.php\/stop-a-la-procrastination\/\">Stop \u00e0 la procrastination<\/a><\/em><\/strong><\/li>\n\n\n\n<li><strong><a href=\"https:\/\/clubvivremieux.com\/index.php\/post-motivation\/\">Post Motivation<\/a><\/strong><\/li>\n\n\n\n<li><strong><em><a href=\"https:\/\/clubvivremieux.com\/index.php\/defi-du-jour\/\">&nbsp;D\u00e9fi du jour<\/a><\/em><\/strong><\/li>\n<\/ul>\n<\/div>\n<\/div>\n\n\n\n<div class=\"wp-block-columns is-layout-flex wp-container-core-columns-is-layout-8 wp-block-columns-is-layout-flex\">\n<div class=\"wp-block-column is-layout-flow wp-block-column-is-layout-flow\">\n<ul class=\"wp-block-list\">\n<li><strong><a href=\"https:\/\/clubvivremieux.com\/index.php\/es-tu-minimaliste-general-travail-maison-vie-quotidienne\/\">Es-tu minimaliste ? G\u00e9n\u00e9ral, Travail, Maison, Vie quotidienne.<\/a><\/strong><\/li>\n<\/ul>\n<\/div>\n\n\n\n<div class=\"wp-block-column is-layout-flow wp-block-column-is-layout-flow\"><\/div>\n<\/div>\n\n\n\n<ul class=\"wp-block-list\">\n<li><strong><a href=\"https:\/\/clubvivremieux.com\/index.php\/1175-2\/\">Quelle est ta force int\u00e9rieure dominante ?   Es-tu plus introverti ou extraverti ?<\/a><\/strong><\/li>\n\n\n\n<li><strong><a href=\"https:\/\/clubvivremieux.com\/index.php\/1179-2\/\">Test de M\u00e9moire Interactif<\/a><\/strong><\/li>\n<\/ul>\n\n\n\n<ul class=\"wp-block-list\">\n<li><strong><a href=\"https:\/\/clubvivremieux.com\/index.php\/test-de-creativite-interactif\/\">Test de Cr\u00e9ativit\u00e9 Interactif<\/a><\/strong><\/li>\n\n\n\n<li><strong><a href=\"https:\/\/clubvivremieux.com\/index.php\/1192-2\/\">\u201cQuel plat te correspond le mieux ?\u201d et \u201cQuel chef c\u00e9l\u00e8bre es-tu ?\u201d<\/a><\/strong><\/li>\n<\/ul>\n\n\n\n<ul class=\"wp-block-list\">\n<li><strong><a href=\"https:\/\/clubvivremieux.com\/index.php\/1201-2\/\">Calcule ton \u00e9conomie potentielle<\/a><\/strong><\/li>\n\n\n\n<li><strong><a href=\"https:\/\/clubvivremieux.com\/index.php\/test-interactif-de-blocages-et-croyances\/\">Test interactif de blocages et croyances<\/a><\/strong><\/li>\n<\/ul>\n\n\n\n<p class=\"has-text-align-center has-large-font-size\"><strong>OUTILS<\/strong><\/p>\n\n\n\n<ul class=\"wp-block-list\">\n<li><strong><a href=\"https:\/\/clubvivremieux.com\/index.php\/budget-ultra-avance\/\">Budget Ultra-Avanc\u00e9<\/a><\/strong><\/li>\n\n\n\n<li><strong><a href=\"https:\/\/clubvivremieux.com\/index.php\/1214-2\/\">Simulateur multi-sc\u00e9narios de pr\u00eat<\/a><\/strong><\/li>\n<\/ul>\n\n\n\n<p><\/p>\n","protected":false},"excerpt":{"rendered":"<p>JEUX INTERACTIFS Motivation \/ Mindset OUTILS<\/p>\n","protected":false},"author":1,"featured_media":0,"parent":0,"menu_order":0,"comment_status":"closed","ping_status":"closed","template":"","meta":{"footnotes":""},"class_list":["post-1139","page","type-page","status-publish","hentry"],"_links":{"self":[{"href":"https:\/\/clubvivremieux.com\/index.php\/wp-json\/wp\/v2\/pages\/1139","targetHints":{"allow":["GET"]}}],"collection":[{"href":"https:\/\/clubvivremieux.com\/index.php\/wp-json\/wp\/v2\/pages"}],"about":[{"href":"https:\/\/clubvivremieux.com\/index.php\/wp-json\/wp\/v2\/types\/page"}],"author":[{"embeddable":true,"href":"https:\/\/clubvivremieux.com\/index.php\/wp-json\/wp\/v2\/users\/1"}],"replies":[{"embeddable":true,"href":"https:\/\/clubvivremieux.com\/index.php\/wp-json\/wp\/v2\/comments?post=1139"}],"version-history":[{"count":49,"href":"https:\/\/clubvivremieux.com\/index.php\/wp-json\/wp\/v2\/pages\/1139\/revisions"}],"predecessor-version":[{"id":1901,"href":"https:\/\/clubvivremieux.com\/index.php\/wp-json\/wp\/v2\/pages\/1139\/revisions\/1901"}],"wp:attachment":[{"href":"https:\/\/clubvivremieux.com\/index.php\/wp-json\/wp\/v2\/media?parent=1139"}],"curies":[{"name":"wp","href":"https:\/\/api.w.org\/{rel}","templated":true}]}}