{"id":1127,"date":"2025-11-27T14:53:40","date_gmt":"2025-11-27T14:53:40","guid":{"rendered":"https:\/\/clubvivremieux.com\/?page_id=1127"},"modified":"2025-11-27T14:53:40","modified_gmt":"2025-11-27T14:53:40","slug":"auto-test-de-bien-etre-mental-et-emotionnel","status":"publish","type":"page","link":"https:\/\/clubvivremieux.com\/index.php\/auto-test-de-bien-etre-mental-et-emotionnel\/","title":{"rendered":"Auto-Test de Bien-\u00catre Mental et \u00c9motionnel"},"content":{"rendered":"\n<!DOCTYPE html>\n<html lang=\"fr\">\n<head>\n  <meta charset=\"UTF-8\">\n  <meta name=\"viewport\" content=\"width=device-width, initial-scale=1.0\">\n  <title>Auto-Test Bien-\u00catre Mental<\/title>\n  <style>\n    body {\n      font-family: Arial, sans-serif;\n      margin: 20px;\n      background-color: #f7f9fc;\n      color: #333;\n    }\n    h1, h2 {\n      color: #2c3e50;\n    }\n    .section {\n      background-color: #fff;\n      border-radius: 10px;\n      padding: 20px;\n      margin-bottom: 20px;\n      box-shadow: 0 4px 6px rgba(0,0,0,0.1);\n    }\n    label {\n      display: block;\n      margin-bottom: 5px;\n    }\n    select {\n      margin-bottom: 15px;\n      padding: 5px;\n      width: 100%;\n      border-radius: 5px;\n    }\n    button {\n      padding: 10px 20px;\n      border: none;\n      border-radius: 5px;\n      background-color: #3498db;\n      color: white;\n      font-size: 16px;\n      cursor: pointer;\n    }\n    button:hover {\n      background-color: #2980b9;\n    }\n    .results {\n      background-color: #ecf0f1;\n      border-radius: 10px;\n      padding: 20px;\n      margin-top: 20px;\n    }\n    .score {\n      font-weight: bold;\n      color: #2c3e50;\n    }\n  <\/style>\n<\/head>\n<body>\n\n  <h1>Auto-Test de Bien-\u00catre Mental et \u00c9motionnel<\/h1>\n  <p>R\u00e9pondez aux questions ci-dessous et cliquez sur \u00ab\u00a0Voir mes r\u00e9sultats\u00a0\u00bb pour obtenir vos scores et recommandations.<\/p>\n\n  <form id=\"wellbeingForm\">\n\n    <!-- Stress et anxi\u00e9t\u00e9 -->\n    <div class=\"section\">\n      <h2>1. Stress et anxi\u00e9t\u00e9<\/h2>\n      <label>1. Fr\u00e9quence de tension ou stress :<\/label>\n      <select name=\"stress1\">\n        <option value=\"0\">Jamais<\/option>\n        <option value=\"1\">Rarement<\/option>\n        <option value=\"2\">Parfois<\/option>\n        <option value=\"3\">Souvent<\/option>\n        <option value=\"4\">Tr\u00e8s souvent<\/option>\n      <\/select>\n\n      <label>2. Difficult\u00e9 \u00e0 se d\u00e9tendre ou \u00e0 dormir :<\/label>\n      <select name=\"stress2\">\n        <option value=\"0\">Jamais<\/option>\n        <option value=\"1\">Rarement<\/option>\n        <option value=\"2\">Parfois<\/option>\n        <option value=\"3\">Souvent<\/option>\n        <option value=\"4\">Tr\u00e8s souvent<\/option>\n      <\/select>\n\n      <label>3. Capacit\u00e9 \u00e0 g\u00e9rer le stress :<\/label>\n      <select name=\"stress3\">\n        <option value=\"0\">Tr\u00e8s bonne<\/option>\n        <option value=\"1\">Bonne<\/option>\n        <option value=\"2\">Moyenne<\/option>\n        <option value=\"3\">Faible<\/option>\n        <option value=\"4\">Tr\u00e8s faible<\/option>\n      <\/select>\n    <\/div>\n\n    <!-- Humeur et positivit\u00e9 -->\n    <div class=\"section\">\n      <h2>2. Humeur et positivit\u00e9<\/h2>\n      <label>1. Humeur g\u00e9n\u00e9rale :<\/label>\n      <select name=\"mood1\">\n        <option value=\"0\">Tr\u00e8s positive<\/option>\n        <option value=\"1\">Positive<\/option>\n        <option value=\"2\">Neutre<\/option>\n        <option value=\"3\">N\u00e9gative<\/option>\n        <option value=\"4\">Tr\u00e8s n\u00e9gative<\/option>\n      <\/select>\n\n      <label>2. Ressentir de la gratitude ou optimisme :<\/label>\n      <select name=\"mood2\">\n        <option value=\"0\">Tout le temps<\/option>\n        <option value=\"1\">Souvent<\/option>\n        <option value=\"2\">Parfois<\/option>\n        <option value=\"3\">Rarement<\/option>\n        <option value=\"4\">Jamais<\/option>\n      <\/select>\n\n      <label>3. Activit\u00e9s qui apportent de la joie :<\/label>\n      <select name=\"mood3\">\n        <option value=\"0\">Oui, r\u00e9guli\u00e8rement<\/option>\n        <option value=\"1\">Oui, parfois<\/option>\n        <option value=\"2\">Rarement<\/option>\n        <option value=\"3\">Tr\u00e8s rarement<\/option>\n        <option value=\"4\">Jamais<\/option>\n      <\/select>\n    <\/div>\n\n    <!-- Gestion des \u00e9motions -->\n    <div class=\"section\">\n      <h2>3. Gestion des \u00e9motions<\/h2>\n      <label>1. Fr\u00e9quence de frustration ou col\u00e8re :<\/label>\n      <select name=\"emotion1\">\n        <option value=\"0\">Jamais<\/option>\n        <option value=\"1\">Rarement<\/option>\n        <option value=\"2\">Parfois<\/option>\n        <option value=\"3\">Souvent<\/option>\n        <option value=\"4\">Tr\u00e8s souvent<\/option>\n      <\/select>\n\n      <label>2. R\u00e9actions impulsives :<\/label>\n      <select name=\"emotion2\">\n        <option value=\"0\">Jamais<\/option>\n        <option value=\"1\">Rarement<\/option>\n        <option value=\"2\">Parfois<\/option>\n        <option value=\"3\">Souvent<\/option>\n        <option value=\"4\">Tr\u00e8s souvent<\/option>\n      <\/select>\n\n      <label>3. Capacit\u00e9 \u00e0 reconna\u00eetre et exprimer ses \u00e9motions :<\/label>\n      <select name=\"emotion3\">\n        <option value=\"0\">Toujours<\/option>\n        <option value=\"1\">Souvent<\/option>\n        <option value=\"2\">Parfois<\/option>\n        <option value=\"3\">Rarement<\/option>\n        <option value=\"4\">Jamais<\/option>\n      <\/select>\n    <\/div>\n\n    <!-- Burn-out \/ \u00e9puisement -->\n    <div class=\"section\">\n      <h2>4. Burn-out \/ \u00c9puisement<\/h2>\n      <label>1. Fatigue m\u00eame apr\u00e8s sommeil complet :<\/label>\n      <select name=\"burnout1\">\n        <option value=\"0\">Jamais<\/option>\n        <option value=\"1\">Rarement<\/option>\n        <option value=\"2\">Parfois<\/option>\n        <option value=\"3\">Souvent<\/option>\n        <option value=\"4\">Tr\u00e8s souvent<\/option>\n      <\/select>\n\n      <label>2. Perte d\u2019int\u00e9r\u00eat pour des activit\u00e9s :<\/label>\n      <select name=\"burnout2\">\n        <option value=\"0\">Jamais<\/option>\n        <option value=\"1\">Rarement<\/option>\n        <option value=\"2\">Parfois<\/option>\n        <option value=\"3\">Souvent<\/option>\n        <option value=\"4\">Tr\u00e8s souvent<\/option>\n      <\/select>\n\n      <label>3. Surcharge mentale :<\/label>\n      <select name=\"burnout3\">\n        <option value=\"0\">Jamais<\/option>\n        <option value=\"1\">Rarement<\/option>\n        <option value=\"2\">Parfois<\/option>\n        <option value=\"3\">Souvent<\/option>\n        <option value=\"4\">Tr\u00e8s souvent<\/option>\n      <\/select>\n    <\/div>\n\n    <button type=\"button\" onclick=\"calculateResults()\">Voir mes r\u00e9sultats<\/button>\n  <\/form>\n\n  <div id=\"results\" class=\"results\" style=\"display:none;\"><\/div>\n\n  <script>\n    function calculateResults() {\n      const form = document.getElementById('wellbeingForm');\n      const resultsDiv = document.getElementById('results');\n\n      \/\/ Calcul des scores\n      function getScore(name) {\n        return parseInt(form[name].value);\n      }\n\n      const stressScore = getScore('stress1') + getScore('stress2') + getScore('stress3');\n      const moodScore = getScore('mood1') + getScore('mood2') + getScore('mood3');\n      const emotionScore = getScore('emotion1') + getScore('emotion2') + getScore('emotion3');\n      const burnoutScore = getScore('burnout1') + getScore('burnout2') + getScore('burnout3');\n\n      function getAssessment(score, type) {\n        if (score <= 4) return `Faible ${type}`;\n        if (score <= 8) return `Mod\u00e9r\u00e9 ${type}`;\n        return `\u00c9lev\u00e9 ${type}`;\n      }\n\n      function getRecommendation(type, score) {\n        if (type === \"stress\") {\n          if (score <= 4) return \"Continuez vos bonnes habitudes pour g\u00e9rer le stress.\";\n          if (score <= 8) return \"Essayez des respirations profondes, m\u00e9ditation 5-10 min\/jour, pauses r\u00e9guli\u00e8res.\";\n          return \"Consultez un professionnel si le stress persiste, pratiquez mindfulness et activit\u00e9 physique.\";\n        }\n        if (type === \"mood\") {\n          if (score <= 4) return \"Votre humeur est positive. Continuez \u00e0 pratiquer la gratitude et les activit\u00e9s plaisantes.\";\n          if (score <= 8) return \"Tenez un journal de gratitude et pratiquez des activit\u00e9s qui vous font du bien.\";\n          return \"Consultez un professionnel si persistant, pratiquez la m\u00e9ditation et renforcez vos liens sociaux.\";\n        }\n        if (type === \"emotion\") {\n          if (score <= 4) return \"Bonne gestion \u00e9motionnelle.\";\n          if (score <= 8) return \"Prenez une pause avant de r\u00e9agir, notez vos \u00e9motions, pratiquez communication assertive.\";\n          return \"Techniques de relaxation guid\u00e9e et th\u00e9rapie cognitive recommand\u00e9es.\";\n        }\n        if (type === \"burnout\") {\n          if (score <= 4) return \"Risque faible d'\u00e9puisement.\";\n          if (score <= 8) return \"Pr\u00e9voyez pauses r\u00e9guli\u00e8res et \u00e9quilibre travail-vie personnelle.\";\n          return \"Consultez un professionnel, priorisez le repos, techniques de relaxation et mindfulness.\";\n        }\n      }\n\n      resultsDiv.style.display = 'block';\n      resultsDiv.innerHTML = `\n        <h2>Vos r\u00e9sultats :<\/h2>\n        <p><span class=\"score\">Stress et anxi\u00e9t\u00e9 :<\/span> ${stressScore} \u2192 ${getAssessment(stressScore, 'stress')}<br>Recommandation : ${getRecommendation('stress', stressScore)}<\/p>\n        <p><span class=\"score\">Humeur et positivit\u00e9 :<\/span> ${moodScore} \u2192 ${getAssessment(moodScore, 'humeur')}<br>Recommandation : ${getRecommendation('mood', moodScore)}<\/p>\n        <p><span class=\"score\">Gestion des \u00e9motions :<\/span> ${emotionScore} \u2192 ${getAssessment(emotionScore, 'gestion \u00e9motionnelle')}<br>Recommandation : ${getRecommendation('emotion', emotionScore)}<\/p>\n        <p><span class=\"score\">Burn-out \/ \u00c9puisement :<\/span> ${burnoutScore} \u2192 ${getAssessment(burnoutScore, 'risque d\\'\u00e9puisement')}<br>Recommandation : ${getRecommendation('burnout', burnoutScore)}<\/p>\n      `;\n    }\n  <\/script>\n\n<\/body>\n<\/html>\n\n","protected":false},"excerpt":{"rendered":"<p>Auto-Test Bien-\u00catre Mental Auto-Test de Bien-\u00catre Mental et \u00c9motionnel R\u00e9pondez aux questions ci-dessous et cliquez sur \u00ab\u00a0Voir mes r\u00e9sultats\u00a0\u00bb pour obtenir vos scores et recommandations. 1. Stress et anxi\u00e9t\u00e9 1. Fr\u00e9quence de tension ou stress : JamaisRarementParfoisSouventTr\u00e8s souvent 2. Difficult\u00e9&#8230; <a href=\"https:\/\/clubvivremieux.com\/index.php\/auto-test-de-bien-etre-mental-et-emotionnel\/\" class=\"readmore\">Read more<span class=\"screen-reader-text\">Auto-Test de Bien-\u00catre Mental et \u00c9motionnel<\/span><span class=\"fa fa-angle-double-right\" aria-hidden=\"true\"><\/span><\/a><\/p>\n","protected":false},"author":1,"featured_media":0,"parent":0,"menu_order":0,"comment_status":"closed","ping_status":"closed","template":"","meta":{"footnotes":""},"class_list":["post-1127","page","type-page","status-publish","hentry"],"_links":{"self":[{"href":"https:\/\/clubvivremieux.com\/index.php\/wp-json\/wp\/v2\/pages\/1127","targetHints":{"allow":["GET"]}}],"collection":[{"href":"https:\/\/clubvivremieux.com\/index.php\/wp-json\/wp\/v2\/pages"}],"about":[{"href":"https:\/\/clubvivremieux.com\/index.php\/wp-json\/wp\/v2\/types\/page"}],"author":[{"embeddable":true,"href":"https:\/\/clubvivremieux.com\/index.php\/wp-json\/wp\/v2\/users\/1"}],"replies":[{"embeddable":true,"href":"https:\/\/clubvivremieux.com\/index.php\/wp-json\/wp\/v2\/comments?post=1127"}],"version-history":[{"count":1,"href":"https:\/\/clubvivremieux.com\/index.php\/wp-json\/wp\/v2\/pages\/1127\/revisions"}],"predecessor-version":[{"id":1128,"href":"https:\/\/clubvivremieux.com\/index.php\/wp-json\/wp\/v2\/pages\/1127\/revisions\/1128"}],"wp:attachment":[{"href":"https:\/\/clubvivremieux.com\/index.php\/wp-json\/wp\/v2\/media?parent=1127"}],"curies":[{"name":"wp","href":"https:\/\/api.w.org\/{rel}","templated":true}]}}